{"id":1462,"date":"2024-08-26T14:37:08","date_gmt":"2024-08-26T12:37:08","guid":{"rendered":"https:\/\/snm-online.sk\/?page_id=1462"},"modified":"2024-08-26T14:50:18","modified_gmt":"2024-08-26T12:50:18","slug":"komentovana-prehliadka-vystavou-trendy-dizajn-produkcia-bizuteria-a-sperk","status":"publish","type":"page","link":"https:\/\/snm-online.sk\/en\/komentovana-prehliadka-vystavou-trendy-dizajn-produkcia-bizuteria-a-sperk\/","title":{"rendered":"TRENDY.DIZAJN.PRODUKCIA:\u00a0Bi\u017eut\u00e9ria a \u0161perk"},"content":{"rendered":"<div class=\"wp-block-image\">\n<figure class=\"aligncenter size-large\"><img loading=\"lazy\" decoding=\"async\" width=\"1024\" height=\"373\" src=\"https:\/\/snm-online.sk\/wp-content\/uploads\/2024\/08\/24-09-11-oprava_WEB1-copy-1024x373.png\" alt=\"\" class=\"wp-image-1471\" srcset=\"https:\/\/snm-online.sk\/wp-content\/uploads\/2024\/08\/24-09-11-oprava_WEB1-copy-1024x373.png 1024w, https:\/\/snm-online.sk\/wp-content\/uploads\/2024\/08\/24-09-11-oprava_WEB1-copy-300x109.png 300w, https:\/\/snm-online.sk\/wp-content\/uploads\/2024\/08\/24-09-11-oprava_WEB1-copy-768x280.png 768w, https:\/\/snm-online.sk\/wp-content\/uploads\/2024\/08\/24-09-11-oprava_WEB1-copy-1536x560.png 1536w, https:\/\/snm-online.sk\/wp-content\/uploads\/2024\/08\/24-09-11-oprava_WEB1-copy.png 1920w\" sizes=\"auto, (max-width: 1024px) 100vw, 1024px\" \/><\/figure>\n<\/div>\n\n\n<p><\/p>\n\n\n\n<p><strong>Vyberte si pros\u00edm z ponuky d\u00e1tumov a term\u00ednov prehliadok:<\/strong><\/p>\n\n\n\r\n<section class=\"mb-4\">\r\n    <nav class=\"wper-days\">\r\n        \r\n            <\/nav>\r\n\r\n    \r\n    <ul id=\"wperItems\" class=\"wper-list\">\r\n        Sorry, this date is not available.    <\/ul>\r\n<\/section>\r\n\r\n<div class=\"wper-modal\">\r\n    <div class=\"wper-modal__inner\">\r\n        <div class=\"wper-modal__header\">\r\n            <button type=\"button\" class=\"wper-modal__close js-wper-close-modal\">\r\n                <svg width=\"16\" height=\"16\" viewBox=\"0 0 16 16\" fill=\"none\" class=\"svg\" xmlns=\"http:\/\/www.w3.org\/2000\/svg\"><path d=\"M16 7H3.83L9.42 1.41L8 0L0 8L8 16L9.41 14.59L3.83 9H16V7Z\" fill=\"currentColor\"\/><\/svg> <span>Continue shopping<\/span>\r\n            <\/button>\r\n        <\/div>\r\n\r\n        <iframe src=\"\" frameborder=\"0\" class=\"wper-modal__iframe\"><\/iframe>\r\n    <\/div>\r\n<\/div>\r\n\r\n<div class=\"wper-note\">\r\n    <div class=\"wper-note__inner\">\r\n        <div id=\"wperNoteRetail\" class=\"wper-note__content\">\r\n            <h5 class=\"wper-note__title\">Last tickets available only at the museum ticket office.<\/h5>\r\n\r\n            <p>We are sorry, but due to high interest, all tickets reserved for online sales are sold out.<\/p>\r\n\r\n            <p>Last few tickets are available at the castle ticket office. We recommend you visit the ticket office as soon as possible, as tickets sell out quickly.<\/p>\r\n        <\/div>\r\n\r\n        <div id=\"wperNoteSold\" class=\"wper-note__content\">\r\n            <h5 class=\"wper-note__title\">Tickets for this time slot are sold out.<\/h5>\r\n\r\n            <p>We are sorry, but due to high interest, all tickets for this tour are sold out. No tickets are available for this time slot at the castle ticket office either.<\/p>\r\n\r\n            <p>Please try to select another time slot within the day or consider visiting on a different day. We recommend monitoring our website for availability of tickets for individual tours and events.<\/p>\r\n\r\n            <p>Given the high attendance, we advise purchasing tickets well in advance online.<\/p>\r\n        <\/div>\r\n\r\n        <div class=\"wper-note__actions\">\r\n            <button type=\"submit\" class=\"wper-note__close js-wper-close-note\">Got it<\/button>\r\n        <\/div>\r\n    <\/div>\r\n<\/div>\r\n\n\n\n\n<p>Autorsk\u00e1 <strong>komentovan\u00e1 prehliadka<\/strong> v\u00fdstavou <strong>TRENDY.DIZAJN.PRODUKCIA<\/strong>: Bi\u017eut\u00e9ria a \u0161perk v\u00e1m <strong>predstav\u00ed vybran\u00e9 diela z Medzin\u00e1rodn\u00e9ho trien\u00e1le skla a bi\u017eut\u00e9rie JABLONEC 2023<\/strong>, usporiadan\u00e9ho \u010desk\u00fdm M\u00fazeom skla a bi\u017eut\u00e9rie v Jablonci nad Nisou.<\/p>\n\n\n\n<p>V\u00fdstava na Bratislavskom hrade pribli\u017euje s\u00fa\u010dasn\u00fa dizajnov\u00e9 a komer\u010dne \u00faspe\u0161n\u00e9 vzorky v\u00fdrobcov sklenenej a kovovej bi\u017eut\u00e9rie od dvan\u00e1stich firiem jabloneck\u00e9ho regi\u00f3nu, ktor\u00e9 kur\u00e1tori vybrali. Zauj\u00edmavos\u0165ou je, \u017ee samotn\u00ed v\u00fdrobcovia si n\u00e1sledne zo svojich kolekci\u00ed volia v\u00fdrobky, ktor\u00e9 vystavia na z\u00e1klade aktu\u00e1lnych dizajnov\u00fdch alebo spotrebn\u00fdch TRENDOV, pridanej estetickej hodnote (DIZAJN), \u010di komer\u010dn\u00e9mu \u00faspechu (PRODUKCIA).<\/p>\n\n\n\n<p>Druh\u00e1 \u010das\u0165 v\u00fdstavy predstavuje autorsk\u00e9 pr\u00e1ce piatich z troch kraj\u00edn (\u010cR, SR a Nemecko) vytvoren\u00e9 v priebehu Medzin\u00e1rodn\u00e9ho symp\u00f3zia autorsk\u00e9ho \u0161perku v j\u00fani 2023 v Jablonci nad Nisou, kde hlavnou t\u00e9mou pr\u00e1c bol vplyv po\u010d\u00edta\u010dovej techniky na \u010dloveka.<\/p>\n\n\n\n<p>V\u00fdstavou v\u00e1s prevedie jej spoluautorka Kate\u0159ina Hru\u0161kov\u00e1, kur\u00e1torka z M\u00fazea skla a bi\u017eut\u00e9rie v Jablonci nad Nisou, ktor\u00e9 v spolupr\u00e1ci so SNM \u2013 Historick\u00fdm m\u00fazeom v\u00fdstavu pripravilo.<\/p>\n\n\n\n<p><strong>Za\u010diatok:<\/strong> vo v\u00fdstave &#8222;TRENDY.DIZAJN.PRODUKCIA: Bi\u017eut\u00e9ria a \u0161perk&#8220; na 3. poschod\u00ed SNM \u2013 Historick\u00e9ho m\u00fazea na Bratislavskom hrade.<\/p>\n\n\n\n<p><strong>Kapacita prehliadky je obmedzen\u00e1.<\/strong> L\u00edstok na prehliadku si m\u00f4\u017eete zak\u00fapi\u0165 online <strong>www.snm-online.sk<\/strong> alebo v <strong>pokladni SNM \u2013 Historick\u00e9ho m\u00fazea na Bratislavskom hrade.<\/strong><\/p>\n\n\n\n<div style=\"height:20px\" aria-hidden=\"true\" class=\"wp-block-spacer\"><\/div>\n\n\n\n<details class=\"wp-block-details is-layout-flow wp-block-details-is-layout-flow\" style=\"font-size:18px\"><summary>Otv\u00e1racie hodiny<\/summary>\n<h5 class=\"wp-block-heading\"><strong>Bratislavsk\u00fd hrad<\/strong><\/h5>\n\n\n\n<p style=\"font-size:15px\">Otvoren\u00e9 denne okrem utorka&nbsp;od 10.00 do 18.00 hod., posledn\u00fd vstup o&nbsp;17.00 hod.<\/p>\n\n\n\n<p style=\"font-size:15px\">Prehliadka v\u00fdstav na Bratislavskom hrade je mo\u017en\u00e1 od stredy do pondelka (vr\u00e1tane), v utorok zatvoren\u00e9.<\/p>\n\n\n\n<p style=\"font-size:15px\">Are\u00e1l Bratislavsk\u00e9ho hradu je otvoren\u00fd ka\u017ed\u00fd de\u0148 od 8.00 do 22.00 hod.<\/p>\n\n\n\n<h5 class=\"wp-block-heading\"><strong>Barokov\u00e1 z\u00e1hrada<\/strong><\/h5>\n\n\n\n<p style=\"font-size:15px\">Janu\u00e1r, Febru\u00e1r, November, December&nbsp; &nbsp;9.00 \u2013 16.00&nbsp;hod.<\/p>\n\n\n\n<p style=\"font-size:15px\">Marec, Okt\u00f3ber&nbsp; &nbsp; 9.00 \u2013 17.00 hod.<\/p>\n\n\n\n<p style=\"font-size:15px\">Apr\u00edl, September&nbsp; 9.00 \u2013 18.00 hod.<\/p>\n\n\n\n<p style=\"font-size:15px\">M\u00e1j, August&nbsp; &nbsp; &nbsp; &nbsp; &nbsp; 9.00 \u2013 20.00 hod.<\/p>\n\n\n\n<p style=\"font-size:15px\">J\u00fan, J\u00fal&nbsp; &nbsp; &nbsp; &nbsp; &nbsp; &nbsp; &nbsp; &nbsp; 9.00 \u2013 21.00 hod.<\/p>\n<\/details>\n\n\n\n<details class=\"wp-block-details is-layout-flow wp-block-details-is-layout-flow\" style=\"font-size:18px\"><summary>Kontakt<\/summary>\n<h5 class=\"wp-block-heading\"><strong>S\u00eddlo m\u00fazea<\/strong><\/h5>\n\n\n\n<p style=\"font-size:15px\">SNM \u2013 Historick\u00e9 m\u00fazeum<br>Bratislavsk\u00fd hrad<br>P. O. Box 13<br>810 06 Bratislava 16&nbsp;<\/p>\n\n\n\n<h5 class=\"wp-block-heading\"><strong>Kontakt<\/strong><\/h5>\n\n\n\n<p style=\"font-size:15px\">SNM \u2013 Historick\u00e9 m\u00fazeum,&nbsp;Bratislavsk\u00fd hrad&nbsp;<br>e-mail:&nbsp;&nbsp;&nbsp;<a href=\"mailto:bratislavskyhrad@snm.sk\">bratislavskyhrad@snm.sk<br><\/a>telef\u00f3n:&nbsp;+421 2 204 83 110,&nbsp;+421 915 99 33 01, +421 915 99 33 03&nbsp;<\/p>\n<\/details>\n\n\n\n<details class=\"wp-block-details is-layout-flow wp-block-details-is-layout-flow\" style=\"font-size:18px\"><summary>Kde n\u00e1s n\u00e1jdete<\/summary>\n<p><\/p>\n\n\n<div style=\"height:400pxpx;\" class=\"wp-block-themeisle-blocks-leaflet-map\" id=\"wp-block-themeisle-blocks-leaflet-map-79f6ba21\"><\/div>\n<script type=\"text\/javascript\">\n\t\/* <![CDATA[ *\/\n\t\tif ( ! window.themeisleLeafletMaps ) window.themeisleLeafletMaps =[];\n\t\twindow.themeisleLeafletMaps.push( { container: \"wp-block-themeisle-blocks-leaflet-map-79f6ba21\", attributes: {\"id\":\"wp-block-themeisle-blocks-leaflet-map-79f6ba21\",\"location\":\"Bratislava\",\"latitude\":\"48.14246567574351\",\"longitude\":\"17.10901737213135\",\"bbox\":\"17.083911895751957,48.13673803992404,17.134122848510746,48.148192672542976\",\"zoom\":15,\"markers\":[{\"id\":\"a4b3dec5-6112-4ae8-b0b2-77c20f012dcd\",\"latitude\":48.1430670404331664258279488421976566314697265625,\"longitude\":17.100477218627933240213678800500929355621337890625,\"title\":\"SNM - Historick\\u00e9 m\\u00fazeum na Bratislavskom hrade\",\"description\":\"\"}],\"height\":\"400px\",\"zoomControl\":true,\"draggable\":true,\"hasCustomCSS\":false,\"customCSS\":\"\",\"TrpContentRestriction\":{\"restriction_type\":\"exclude\",\"selected_languages\":[],\"panel_open\":true},\"otterConditions\":[]} } );\n\t\/* ]]> *\/\n<\/script>\n<\/details>\n\n\n\n<div style=\"height:30px\" aria-hidden=\"true\" class=\"wp-block-spacer\"><\/div>\n\n\n\n<p><strong>V pr\u00edpade ot\u00e1zok t\u00fdkaj\u00facich sa online n\u00e1kupu vstupeniek n\u00e1s kontaktujte na email&nbsp;<a href=\"mailto:pomoc@snm-online.sk\">pomoc@snm-online.sk<\/a><\/strong><\/p>\n\n\n\n<div style=\"height:30px\" aria-hidden=\"true\" class=\"wp-block-spacer\"><\/div>\n","protected":false},"excerpt":{"rendered":"<p>Vyberte si pros\u00edm z ponuky d\u00e1tumov a term\u00ednov prehliadok: Autorsk\u00e1 komentovan\u00e1 prehliadka v\u00fdstavou TRENDY.DIZAJN.PRODUKCIA: Bi\u017eut\u00e9ria a \u0161perk v\u00e1m predstav\u00ed vybran\u00e9 diela z Medzin\u00e1rodn\u00e9ho trien\u00e1le skla a bi\u017eut\u00e9rie JABLONEC 2023, usporiadan\u00e9ho&hellip;&nbsp;<a href=\"https:\/\/snm-online.sk\/en\/komentovana-prehliadka-vystavou-trendy-dizajn-produkcia-bizuteria-a-sperk\/\" class=\"\" rel=\"bookmark\">Read More &raquo;<span class=\"screen-reader-text\">TRENDY.DIZAJN.PRODUKCIA:\u00a0Bi\u017eut\u00e9ria a \u0161perk<\/span><\/a><\/p>","protected":false},"author":2,"featured_media":0,"parent":0,"menu_order":0,"comment_status":"closed","ping_status":"closed","template":"","meta":{"_eb_attr":"","neve_meta_sidebar":"","neve_meta_container":"","neve_meta_enable_content_width":"","neve_meta_content_width":0,"neve_meta_title_alignment":"","neve_meta_author_avatar":"","neve_post_elements_order":"","neve_meta_disable_header":"","neve_meta_disable_footer":"","neve_meta_disable_title":"","_themeisle_gutenberg_block_has_review":false,"footnotes":""},"class_list":["post-1462","page","type-page","status-publish","hentry"],"_links":{"self":[{"href":"https:\/\/snm-online.sk\/en\/wp-json\/wp\/v2\/pages\/1462","targetHints":{"allow":["GET"]}}],"collection":[{"href":"https:\/\/snm-online.sk\/en\/wp-json\/wp\/v2\/pages"}],"about":[{"href":"https:\/\/snm-online.sk\/en\/wp-json\/wp\/v2\/types\/page"}],"author":[{"embeddable":true,"href":"https:\/\/snm-online.sk\/en\/wp-json\/wp\/v2\/users\/2"}],"replies":[{"embeddable":true,"href":"https:\/\/snm-online.sk\/en\/wp-json\/wp\/v2\/comments?post=1462"}],"version-history":[{"count":18,"href":"https:\/\/snm-online.sk\/en\/wp-json\/wp\/v2\/pages\/1462\/revisions"}],"predecessor-version":[{"id":1487,"href":"https:\/\/snm-online.sk\/en\/wp-json\/wp\/v2\/pages\/1462\/revisions\/1487"}],"wp:attachment":[{"href":"https:\/\/snm-online.sk\/en\/wp-json\/wp\/v2\/media?parent=1462"}],"curies":[{"name":"wp","href":"https:\/\/api.w.org\/{rel}","templated":true}]}}

TRENDY.DIZAJN.PRODUKCIA: Bižutéria a šperk

<div class="wp-block-image">
<figure class="aligncenter size-large"><img loading="lazy" decoding="async" width="1024" height="373" src="https://snm-online.sk/wp-content/uploads/2024/08/24-09-11-oprava_WEB1-copy-1024x373.png" alt="" class="wp-image-1471" srcset="https://snm-online.sk/wp-content/uploads/2024/08/24-09-11-oprava_WEB1-copy-1024x373.png 1024w, https://snm-online.sk/wp-content/uploads/2024/08/24-09-11-oprava_WEB1-copy-300x109.png 300w, https://snm-online.sk/wp-content/uploads/2024/08/24-09-11-oprava_WEB1-copy-768x280.png 768w, https://snm-online.sk/wp-content/uploads/2024/08/24-09-11-oprava_WEB1-copy-1536x560.png 1536w, https://snm-online.sk/wp-content/uploads/2024/08/24-09-11-oprava_WEB1-copy.png 1920w" sizes="auto, (max-width: 1024px) 100vw, 1024px" /></figure>
</div>


<p></p>



<p><strong>Vyberte si prosím z ponuky dátumov a termínov prehliadok:</strong></p>



<section class="mb-4">
    <nav class="wper-days">
        
            </nav>

    
    <ul id="wperItems" class="wper-list">
        Sorry, this date is not available.    </ul>
</section>

<div class="wper-modal">
    <div class="wper-modal__inner">
        <div class="wper-modal__header">
            <button type="button" class="wper-modal__close js-wper-close-modal">
                <svg width="16" height="16" viewBox="0 0 16 16" fill="none" class="svg" xmlns="http://www.w3.org/2000/svg"><path d="M16 7H3.83L9.42 1.41L8 0L0 8L8 16L9.41 14.59L3.83 9H16V7Z" fill="currentColor"/></svg> <span>Continue shopping</span>
            </button>
        </div>

        <iframe src="" frameborder="0" class="wper-modal__iframe"></iframe>
    </div>
</div>

<div class="wper-note">
    <div class="wper-note__inner">
        <div id="wperNoteRetail" class="wper-note__content">
            <h5 class="wper-note__title">Last tickets available only at the museum ticket office.</h5>

            <p>We are sorry, but due to high interest, all tickets reserved for online sales are sold out.</p>

            <p>Last few tickets are available at the castle ticket office. We recommend you visit the ticket office as soon as possible, as tickets sell out quickly.</p>
        </div>

        <div id="wperNoteSold" class="wper-note__content">
            <h5 class="wper-note__title">Tickets for this time slot are sold out.</h5>

            <p>We are sorry, but due to high interest, all tickets for this tour are sold out. No tickets are available for this time slot at the castle ticket office either.</p>

            <p>Please try to select another time slot within the day or consider visiting on a different day. We recommend monitoring our website for availability of tickets for individual tours and events.</p>

            <p>Given the high attendance, we advise purchasing tickets well in advance online.</p>
        </div>

        <div class="wper-note__actions">
            <button type="submit" class="wper-note__close js-wper-close-note">Got it</button>
        </div>
    </div>
</div>




<p>Autorská <strong>komentovaná prehliadka</strong> výstavou <strong>TRENDY.DIZAJN.PRODUKCIA</strong>: Bižutéria a šperk vám <strong>predstaví vybrané diela z Medzinárodného trienále skla a bižutérie JABLONEC 2023</strong>, usporiadaného českým Múzeom skla a bižutérie v Jablonci nad Nisou.</p>



<p>Výstava na Bratislavskom hrade približuje súčasnú dizajnové a komerčne úspešné vzorky výrobcov sklenenej a kovovej bižutérie od dvanástich firiem jabloneckého regiónu, ktoré kurátori vybrali. Zaujímavosťou je, že samotní výrobcovia si následne zo svojich kolekcií volia výrobky, ktoré vystavia na základe aktuálnych dizajnových alebo spotrebných TRENDOV, pridanej estetickej hodnote (DIZAJN), či komerčnému úspechu (PRODUKCIA).</p>



<p>Druhá časť výstavy predstavuje autorské práce piatich z troch krajín (ČR, SR a Nemecko) vytvorené v priebehu Medzinárodného sympózia autorského šperku v júni 2023 v Jablonci nad Nisou, kde hlavnou témou prác bol vplyv počítačovej techniky na človeka.</p>



<p>Výstavou vás prevedie jej spoluautorka Kateřina Hrušková, kurátorka z Múzea skla a bižutérie v Jablonci nad Nisou, ktoré v spolupráci so SNM – Historickým múzeom výstavu pripravilo.</p>



<p><strong>Začiatok:</strong> vo výstave &#8222;TRENDY.DIZAJN.PRODUKCIA: Bižutéria a šperk&#8220; na 3. poschodí SNM – Historického múzea na Bratislavskom hrade.</p>



<p><strong>Kapacita prehliadky je obmedzená.</strong> Lístok na prehliadku si môžete zakúpiť online <strong>www.snm-online.sk</strong> alebo v <strong>pokladni SNM – Historického múzea na Bratislavskom hrade.</strong></p>



<div style="height:20px" aria-hidden="true" class="wp-block-spacer"></div>



<details class="wp-block-details is-layout-flow wp-block-details-is-layout-flow" style="font-size:18px"><summary>Otváracie hodiny</summary>
<h5 class="wp-block-heading"><strong>Bratislavský hrad</strong></h5>



<p style="font-size:15px">Otvorené denne okrem utorka&nbsp;od 10.00 do 18.00 hod., posledný vstup o&nbsp;17.00 hod.</p>



<p style="font-size:15px">Prehliadka výstav na Bratislavskom hrade je možná od stredy do pondelka (vrátane), v utorok zatvorené.</p>



<p style="font-size:15px">Areál Bratislavského hradu je otvorený každý deň od 8.00 do 22.00 hod.</p>



<h5 class="wp-block-heading"><strong>Baroková záhrada</strong></h5>



<p style="font-size:15px">Január, Február, November, December&nbsp; &nbsp;9.00 – 16.00&nbsp;hod.</p>



<p style="font-size:15px">Marec, Október&nbsp; &nbsp; 9.00 – 17.00 hod.</p>



<p style="font-size:15px">Apríl, September&nbsp; 9.00 – 18.00 hod.</p>



<p style="font-size:15px">Máj, August&nbsp; &nbsp; &nbsp; &nbsp; &nbsp; 9.00 – 20.00 hod.</p>



<p style="font-size:15px">Jún, Júl&nbsp; &nbsp; &nbsp; &nbsp; &nbsp; &nbsp; &nbsp; &nbsp; 9.00 – 21.00 hod.</p>
</details>



<details class="wp-block-details is-layout-flow wp-block-details-is-layout-flow" style="font-size:18px"><summary>Kontakt</summary>
<h5 class="wp-block-heading"><strong>Sídlo múzea</strong></h5>



<p style="font-size:15px">SNM – Historické múzeum<br>Bratislavský hrad<br>P. O. Box 13<br>810 06 Bratislava 16&nbsp;</p>



<h5 class="wp-block-heading"><strong>Kontakt</strong></h5>



<p style="font-size:15px">SNM – Historické múzeum,&nbsp;Bratislavský hrad&nbsp;<br>e-mail:&nbsp;&nbsp;&nbsp;<a href="mailto:bratislavskyhrad@snm.sk">bratislavskyhrad@snm.sk<br></a>telefón:&nbsp;+421 2 204 83 110,&nbsp;+421 915 99 33 01, +421 915 99 33 03&nbsp;</p>
</details>



<details class="wp-block-details is-layout-flow wp-block-details-is-layout-flow" style="font-size:18px"><summary>Kde nás nájdete</summary>
<p></p>


<div style="height:400pxpx;" class="wp-block-themeisle-blocks-leaflet-map" id="wp-block-themeisle-blocks-leaflet-map-79f6ba21"></div>
<script type="text/javascript">
	/* <![CDATA[ */
		if ( ! window.themeisleLeafletMaps ) window.themeisleLeafletMaps =[];
		window.themeisleLeafletMaps.push( { container: "wp-block-themeisle-blocks-leaflet-map-79f6ba21", attributes: {"id":"wp-block-themeisle-blocks-leaflet-map-79f6ba21","location":"Bratislava","latitude":"48.14246567574351","longitude":"17.10901737213135","bbox":"17.083911895751957,48.13673803992404,17.134122848510746,48.148192672542976","zoom":15,"markers":[{"id":"a4b3dec5-6112-4ae8-b0b2-77c20f012dcd","latitude":48.1430670404331664258279488421976566314697265625,"longitude":17.100477218627933240213678800500929355621337890625,"title":"SNM - Historick\u00e9 m\u00fazeum na Bratislavskom hrade","description":""}],"height":"400px","zoomControl":true,"draggable":true,"hasCustomCSS":false,"customCSS":"","TrpContentRestriction":{"restriction_type":"exclude","selected_languages":[],"panel_open":true},"otterConditions":[]} } );
	/* ]]> */
</script>
</details>



<div style="height:30px" aria-hidden="true" class="wp-block-spacer"></div>



<p><strong>V prípade otázok týkajúcich sa online nákupu vstupeniek nás kontaktujte na email&nbsp;<a href="mailto:pomoc@snm-online.sk">pomoc@snm-online.sk</a></strong></p>



<div style="height:30px" aria-hidden="true" class="wp-block-spacer"></div>

<p>Vyberte si prosím z ponuky dátumov a termínov prehliadok: Autorská komentovaná prehliadka výstavou TRENDY.DIZAJN.PRODUKCIA: Bižutéria a šperk vám predstaví vybrané diela z Medzinárodného trienále skla a bižutérie JABLONEC 2023, usporiadaného&hellip;&nbsp;<a href="https://snm-online.sk/en/komentovana-prehliadka-vystavou-trendy-dizajn-produkcia-bizuteria-a-sperk/" class="" rel="bookmark">Read More &raquo;<span class="screen-reader-text">TRENDY.DIZAJN.PRODUKCIA: Bižutéria a šperk</span></a></p>
