{"id":2013,"date":"2024-10-30T15:43:29","date_gmt":"2024-10-30T14:43:29","guid":{"rendered":"https:\/\/snm-online.sk\/?page_id=2013"},"modified":"2025-11-05T09:15:27","modified_gmt":"2025-11-05T08:15:27","slug":"mauzoleum-andrassyovcov","status":"publish","type":"page","link":"https:\/\/snm-online.sk\/en\/mauzoleum-andrassyovcov\/","title":{"rendered":"Mauz\u00f3leum Andrassyovcov"},"content":{"rendered":"\n<h2 class=\"wp-block-heading\">Slovensk\u00e9 n\u00e1rodn\u00e9 m\u00fazeum<\/h2>\n\n\n\n<div id=\"wp-block-themeisle-blocks-advanced-columns-6dc45d7c\" class=\"wp-block-themeisle-blocks-advanced-columns has-2-columns has-desktop-equal-layout has-tablet-equal-layout has-mobile-collapsedRows-layout has-vertical-unset\"><div class=\"wp-block-themeisle-blocks-advanced-columns-overlay\"><\/div><div class=\"innerblocks-wrap\">\n<div id=\"wp-block-themeisle-blocks-advanced-column-fce283e8\" class=\"wp-block-themeisle-blocks-advanced-column\">\n<figure class=\"wp-block-image size-full has-custom-border\"><img loading=\"lazy\" decoding=\"async\" width=\"600\" height=\"300\" src=\"https:\/\/snm-online.sk\/wp-content\/uploads\/2024\/10\/Mauzoleum-Andrassy-1.jpg\" alt=\"\" class=\"wp-image-2014\" style=\"border-radius:8px;aspect-ratio:3\/2;object-fit:cover\" srcset=\"https:\/\/snm-online.sk\/wp-content\/uploads\/2024\/10\/Mauzoleum-Andrassy-1.jpg 600w, https:\/\/snm-online.sk\/wp-content\/uploads\/2024\/10\/Mauzoleum-Andrassy-1-300x150.jpg 300w\" sizes=\"auto, (max-width: 600px) 100vw, 600px\" \/><\/figure>\n<\/div>\n\n\n\n<div id=\"wp-block-themeisle-blocks-advanced-column-14777b5f\" class=\"wp-block-themeisle-blocks-advanced-column\">\n<figure class=\"wp-block-image size-full has-custom-border\"><img loading=\"lazy\" decoding=\"async\" width=\"960\" height=\"700\" src=\"https:\/\/snm-online.sk\/wp-content\/uploads\/2024\/10\/Mauzoleum-Andrassyovcov.jpg\" alt=\"\" class=\"wp-image-2464\" style=\"border-radius:8px;aspect-ratio:3\/2;object-fit:cover\" srcset=\"https:\/\/snm-online.sk\/wp-content\/uploads\/2024\/10\/Mauzoleum-Andrassyovcov.jpg 960w, https:\/\/snm-online.sk\/wp-content\/uploads\/2024\/10\/Mauzoleum-Andrassyovcov-300x219.jpg 300w, https:\/\/snm-online.sk\/wp-content\/uploads\/2024\/10\/Mauzoleum-Andrassyovcov-768x560.jpg 768w\" sizes=\"auto, (max-width: 960px) 100vw, 960px\" \/><\/figure>\n<\/div>\n<\/div><\/div>\n\n\n\n<div style=\"height:30px\" aria-hidden=\"true\" class=\"wp-block-spacer\"><\/div>\n\n\n\n<p>Mauz\u00f3leum je jedine\u010dnou stavbou zo za\u010diatku 20. storo\u010dia. Bolo postaven\u00e9 za rekordn\u00fd \u010das \u2013 jeden rok. Na v\u00fdstavbu bol pou\u017eit\u00fd biely v\u00e1penec zo S\u00f3sk\u00fatu a interi\u00e9ry boli vyzdoben\u00e9 mramorom z cel\u00e9ho sveta.&nbsp;Na fotografii z roku 1904 je zachyten\u00fd interi\u00e9r aj so vz\u00e1cnym kobercom, ktor\u00fd pou\u017e\u00edvame na om\u0161iach v\u017edy 26. okt\u00f3bra.<\/p>\n\n\n\n<p>Nad port\u00e1lom mauz\u00f3lea sa nach\u00e1dza reli\u00e9f s erbom Andr\u00e1ssyovcov, ktor\u00fd str\u00e1\u017eia anjeli s vyhasnut\u00fdmi fak\u013eami, vencom \u2013 symbolom v\u00ed\u0165azstva a palmov\u00fdm listom \u2013 symbolom mu\u010den\u00edckej smrti. Pod erbom je vyryt\u00e9 heslo Dion\u00e1za Andr\u00e1ssyho: Non videri sed esse! Nie zda\u0165 sa, ale by\u0165!<\/p>\n\n\n\n<p>Mauz\u00f3leum vytvorilo kolekt\u00edv mn\u00edchovsk\u00fdch majstrov, v\u00e4\u010d\u0161inou mlad\u00fdch progres\u00edvne mysliacich umelcov. Sarkof\u00e1gy a ostatn\u00e9 soch\u00e1rske pr\u00e1ce s\u00fa dielom Maxa Fricka, ktor\u00fd sa in\u0161piroval antick\u00fdmi, ranokres\u0165ansk\u00fdmi a byzantsk\u00fdmi vzormi. Na obr\u00e1zku vid\u00edte kr\u00e1sneho modliaceho sa anjela z veka sarkof\u00e1gu Dion\u00fdza Andr\u00e1ssyho.<\/p>\n\n\n<div class=\"wp-block-image\">\n<figure class=\"aligncenter size-large\"><img loading=\"lazy\" decoding=\"async\" width=\"1024\" height=\"724\" src=\"https:\/\/snm-online.sk\/wp-content\/uploads\/2025\/11\/Mauzoleum_zima-1024x724.jpg\" alt=\"\" class=\"wp-image-4747\" srcset=\"https:\/\/snm-online.sk\/wp-content\/uploads\/2025\/11\/Mauzoleum_zima-1024x724.jpg 1024w, https:\/\/snm-online.sk\/wp-content\/uploads\/2025\/11\/Mauzoleum_zima-300x212.jpg 300w, https:\/\/snm-online.sk\/wp-content\/uploads\/2025\/11\/Mauzoleum_zima-768x543.jpg 768w, https:\/\/snm-online.sk\/wp-content\/uploads\/2025\/11\/Mauzoleum_zima.jpg 1050w\" sizes=\"auto, (max-width: 1024px) 100vw, 1024px\" \/><\/figure>\n<\/div>\n\n\n<div style=\"height:50px\" aria-hidden=\"true\" class=\"wp-block-spacer\"><\/div>\n\n\n\n<div class=\"wp-block-essential-blocks-accordion  root-eb-accordion-cyqzn\"><div class=\"eb-parent-wrapper eb-parent-eb-accordion-cyqzn \"><div class=\"eb-accordion-container eb-accordion-cyqzn\" data-accordion-type=\"accordion\" data-tab-icon=\"fas fa-angle-right\" data-expanded-icon=\"fas fa-angle-down\" data-transition-duration=\"500\"><div class=\"eb-accordion-inner\">\n<div class=\"wp-block-essential-blocks-accordion-item eb-accordion-item-dgoit eb-accordion-wrapper\" data-clickable=\"false\"><div class=\"eb-accordion-title-wrapper eb-accordion-title-wrapper-eb-accordion-cyqzn\" tabindex=\"0\"><span class=\"eb-accordion-icon-wrapper eb-accordion-icon-wrapper-eb-accordion-cyqzn\"><span class=\"fas fa-angle-right eb-accordion-icon\"><\/span><\/span><div class=\"eb-accordion-title-content-wrap title-content-eb-accordion-cyqzn\"><h3 class=\"eb-accordion-title\">Otv\u00e1racie hodiny<\/h3><\/div><\/div><div class=\"eb-accordion-content-wrapper eb-accordion-content-wrapper-eb-accordion-cyqzn\"><div class=\"eb-accordion-content\">\n<p><strong>November &#8211; Apr\u00edl: Zimn\u00fd re\u017eim<\/strong><\/p>\n\n\n\n<p><strong>Utorok &#8211; Nede\u013ea:<\/strong> na z\u00e1klade objedn\u00e1vky<\/p>\n\n\n\n<p><\/p>\n\n\n\n<p><strong>M\u00e1j &#8211; Okt\u00f3ber:<\/strong><\/p>\n\n\n\n<p><strong>Pondelok: zatvoren\u00e9<\/strong><br><strong>Utorok: zatvoren\u00e9<\/strong><br><strong>Streda&nbsp;\u2013&nbsp;nede\u013ea: 8.30&nbsp;\u2013&nbsp;16.30 h, posledn\u00fd vstup o&nbsp;16.00 h<\/strong><\/p>\n\n\n\n<p>Prehliadka mauz\u00f3lea trv\u00e1 max. 20 min\u00fat. Prehliadka sa uskuto\u010d\u0148uje so sprievodcom s hovoren\u00fdm lektorsk\u00fdm textom<\/p>\n<\/div><\/div><\/div>\n\n\n\n<div class=\"wp-block-essential-blocks-accordion-item eb-accordion-item-l2gge eb-accordion-wrapper\" data-clickable=\"false\"><div class=\"eb-accordion-title-wrapper eb-accordion-title-wrapper-eb-accordion-cyqzn\" tabindex=\"0\"><span class=\"eb-accordion-icon-wrapper eb-accordion-icon-wrapper-eb-accordion-cyqzn\"><span class=\"fas fa-angle-right eb-accordion-icon\"><\/span><\/span><div class=\"eb-accordion-title-content-wrap title-content-eb-accordion-cyqzn\"><h3 class=\"eb-accordion-title\">Kontakt<\/h3><\/div><\/div><div class=\"eb-accordion-content-wrapper eb-accordion-content-wrapper-eb-accordion-cyqzn\"><div class=\"eb-accordion-content\">\n<p>SNM \u2013 M\u00fazeum Betliar, Lesn\u00e1 ulica 9\/17, 049 21 Betliar<\/p>\n<\/div><\/div><\/div>\n\n\n\n<div class=\"wp-block-essential-blocks-accordion-item eb-accordion-item-ijik6 eb-accordion-wrapper\" data-clickable=\"false\"><div class=\"eb-accordion-title-wrapper eb-accordion-title-wrapper-eb-accordion-cyqzn\" tabindex=\"0\"><span class=\"eb-accordion-icon-wrapper eb-accordion-icon-wrapper-eb-accordion-cyqzn\"><span class=\"fas fa-angle-right eb-accordion-icon\"><\/span><\/span><div class=\"eb-accordion-title-content-wrap title-content-eb-accordion-cyqzn\"><h3 class=\"eb-accordion-title\">Inform\u00e1cie pre n\u00e1v\u0161tevn\u00edkov<\/h3><\/div><\/div><div class=\"eb-accordion-content-wrapper eb-accordion-content-wrapper-eb-accordion-cyqzn\"><div class=\"eb-accordion-content\">\n<h6 class=\"wp-block-heading\"><strong>Poklad\u0148a v mauz\u00f3leu<\/strong><\/h6>\n\n\n\n<p>telef\u00f3n: +421 58 732 20 34<\/p>\n\n\n\n<h6 class=\"wp-block-heading\"><strong>Lektor<\/strong><\/h6>\n\n\n\n<p>mobil: +421 918 728 401<\/p>\n\n\n\n<p>Prehliadka mauz\u00f3lea trv\u00e1 max. 20 min\u00fat so sprievodcom.<strong><br><\/strong>Pr\u00edpadn\u00e1 zmena otv\u00e1rac\u00edch hod\u00edn vyhraden\u00e1.<\/p>\n<\/div><\/div><\/div>\n\n\n\n<div class=\"wp-block-essential-blocks-accordion-item eb-accordion-item-bo6yp eb-accordion-wrapper\" data-clickable=\"false\"><div class=\"eb-accordion-title-wrapper eb-accordion-title-wrapper-eb-accordion-cyqzn\" tabindex=\"0\"><span class=\"eb-accordion-icon-wrapper eb-accordion-icon-wrapper-eb-accordion-cyqzn\"><span class=\"fas fa-angle-right eb-accordion-icon\"><\/span><\/span><div class=\"eb-accordion-title-content-wrap title-content-eb-accordion-cyqzn\"><h3 class=\"eb-accordion-title\">Kde n\u00e1s n\u00e1jdete<\/h3><\/div><\/div><div class=\"eb-accordion-content-wrapper eb-accordion-content-wrapper-eb-accordion-cyqzn\"><div class=\"eb-accordion-content\"><div style=\"height:400pxpx;\" class=\"wp-block-themeisle-blocks-leaflet-map\" id=\"wp-block-themeisle-blocks-leaflet-map-68e886d2\"><\/div>\n<script type=\"text\/javascript\">\n\t\/* <![CDATA[ *\/\n\t\tif ( ! window.themeisleLeafletMaps ) window.themeisleLeafletMaps =[];\n\t\twindow.themeisleLeafletMaps.push( { container: \"wp-block-themeisle-blocks-leaflet-map-68e886d2\", attributes: {\"id\":\"wp-block-themeisle-blocks-leaflet-map-68e886d2\",\"location\":\"Kr\\u00e1snohorsk\\u00e9 podhradie, Slovakia\",\"latitude\":\"48.649525940835865\",\"longitude\":\"20.611717080147237\",\"bbox\":\"20.61172485351563,48.649525940835865,20.61172485351563,48.649525940835865\",\"zoom\":14,\"markers\":[{\"id\":\"3c7953e2-161f-4a5f-b00e-f689f8d3a217\",\"latitude\":48.64572655066105966170653118751943111419677734375,\"longitude\":20.605890399734040130397261236794292926788330078125,\"title\":\"SNM - Mauz\\u00f3leum Andrassyovcov\",\"description\":\"\"}],\"height\":\"400px\",\"zoomControl\":true,\"draggable\":true,\"hasCustomCSS\":false,\"customCSS\":\"\",\"TrpContentRestriction\":{\"restriction_type\":\"exclude\",\"selected_languages\":[],\"panel_open\":true},\"otterConditions\":[]} } );\n\t\/* ]]> *\/\n<\/script>\n<\/div><\/div><\/div>\n<\/div><\/div><\/div><\/div>\n\n\n\n<div style=\"height:100px\" aria-hidden=\"true\" class=\"wp-block-spacer\"><\/div>\n\n\n\n<p><\/p>\n","protected":false},"excerpt":{"rendered":"<p>Slovensk\u00e9 n\u00e1rodn\u00e9 m\u00fazeum Mauz\u00f3leum je jedine\u010dnou stavbou zo za\u010diatku 20. storo\u010dia. Bolo postaven\u00e9 za rekordn\u00fd \u010das \u2013 jeden rok. Na v\u00fdstavbu bol pou\u017eit\u00fd biely v\u00e1penec zo S\u00f3sk\u00fatu a interi\u00e9ry boli&hellip;&nbsp;<a href=\"https:\/\/snm-online.sk\/en\/mauzoleum-andrassyovcov\/\" class=\"\" rel=\"bookmark\">Read More &raquo;<span class=\"screen-reader-text\">Mauz\u00f3leum Andrassyovcov<\/span><\/a><\/p>","protected":false},"author":2,"featured_media":0,"parent":0,"menu_order":0,"comment_status":"closed","ping_status":"closed","template":"","meta":{"_eb_attr":"","neve_meta_sidebar":"","neve_meta_container":"","neve_meta_enable_content_width":"","neve_meta_content_width":0,"neve_meta_title_alignment":"","neve_meta_author_avatar":"","neve_post_elements_order":"","neve_meta_disable_header":"","neve_meta_disable_footer":"","neve_meta_disable_title":"","_themeisle_gutenberg_block_has_review":false,"footnotes":""},"class_list":["post-2013","page","type-page","status-publish","hentry"],"_links":{"self":[{"href":"https:\/\/snm-online.sk\/en\/wp-json\/wp\/v2\/pages\/2013","targetHints":{"allow":["GET"]}}],"collection":[{"href":"https:\/\/snm-online.sk\/en\/wp-json\/wp\/v2\/pages"}],"about":[{"href":"https:\/\/snm-online.sk\/en\/wp-json\/wp\/v2\/types\/page"}],"author":[{"embeddable":true,"href":"https:\/\/snm-online.sk\/en\/wp-json\/wp\/v2\/users\/2"}],"replies":[{"embeddable":true,"href":"https:\/\/snm-online.sk\/en\/wp-json\/wp\/v2\/comments?post=2013"}],"version-history":[{"count":11,"href":"https:\/\/snm-online.sk\/en\/wp-json\/wp\/v2\/pages\/2013\/revisions"}],"predecessor-version":[{"id":4751,"href":"https:\/\/snm-online.sk\/en\/wp-json\/wp\/v2\/pages\/2013\/revisions\/4751"}],"wp:attachment":[{"href":"https:\/\/snm-online.sk\/en\/wp-json\/wp\/v2\/media?parent=2013"}],"curies":[{"name":"wp","href":"https:\/\/api.w.org\/{rel}","templated":true}]}}

Mauzóleum Andrassyovcov

<h2 class="wp-block-heading">Slovenské národné múzeum</h2>



<div id="wp-block-themeisle-blocks-advanced-columns-6dc45d7c" class="wp-block-themeisle-blocks-advanced-columns has-2-columns has-desktop-equal-layout has-tablet-equal-layout has-mobile-collapsedRows-layout has-vertical-unset"><div class="wp-block-themeisle-blocks-advanced-columns-overlay"></div><div class="innerblocks-wrap">
<div id="wp-block-themeisle-blocks-advanced-column-fce283e8" class="wp-block-themeisle-blocks-advanced-column">
<figure class="wp-block-image size-full has-custom-border"><img loading="lazy" decoding="async" width="600" height="300" src="https://snm-online.sk/wp-content/uploads/2024/10/Mauzoleum-Andrassy-1.jpg" alt="" class="wp-image-2014" style="border-radius:8px;aspect-ratio:3/2;object-fit:cover" srcset="https://snm-online.sk/wp-content/uploads/2024/10/Mauzoleum-Andrassy-1.jpg 600w, https://snm-online.sk/wp-content/uploads/2024/10/Mauzoleum-Andrassy-1-300x150.jpg 300w" sizes="auto, (max-width: 600px) 100vw, 600px" /></figure>
</div>



<div id="wp-block-themeisle-blocks-advanced-column-14777b5f" class="wp-block-themeisle-blocks-advanced-column">
<figure class="wp-block-image size-full has-custom-border"><img loading="lazy" decoding="async" width="960" height="700" src="https://snm-online.sk/wp-content/uploads/2024/10/Mauzoleum-Andrassyovcov.jpg" alt="" class="wp-image-2464" style="border-radius:8px;aspect-ratio:3/2;object-fit:cover" srcset="https://snm-online.sk/wp-content/uploads/2024/10/Mauzoleum-Andrassyovcov.jpg 960w, https://snm-online.sk/wp-content/uploads/2024/10/Mauzoleum-Andrassyovcov-300x219.jpg 300w, https://snm-online.sk/wp-content/uploads/2024/10/Mauzoleum-Andrassyovcov-768x560.jpg 768w" sizes="auto, (max-width: 960px) 100vw, 960px" /></figure>
</div>
</div></div>



<div style="height:30px" aria-hidden="true" class="wp-block-spacer"></div>



<p>Mauzóleum je jedinečnou stavbou zo začiatku 20. storočia. Bolo postavené za rekordný čas – jeden rok. Na výstavbu bol použitý biely vápenec zo Sóskútu a interiéry boli vyzdobené mramorom z celého sveta.&nbsp;Na fotografii z roku 1904 je zachytený interiér aj so vzácnym kobercom, ktorý používame na omšiach vždy 26. októbra.</p>



<p>Nad portálom mauzólea sa nachádza reliéf s erbom Andrássyovcov, ktorý strážia anjeli s vyhasnutými fakľami, vencom – symbolom víťazstva a palmovým listom – symbolom mučeníckej smrti. Pod erbom je vyryté heslo Dionáza Andrássyho: Non videri sed esse! Nie zdať sa, ale byť!</p>



<p>Mauzóleum vytvorilo kolektív mníchovských majstrov, väčšinou mladých progresívne mysliacich umelcov. Sarkofágy a ostatné sochárske práce sú dielom Maxa Fricka, ktorý sa inšpiroval antickými, ranokresťanskými a byzantskými vzormi. Na obrázku vidíte krásneho modliaceho sa anjela z veka sarkofágu Dionýza Andrássyho.</p>


<div class="wp-block-image">
<figure class="aligncenter size-large"><img loading="lazy" decoding="async" width="1024" height="724" src="https://snm-online.sk/wp-content/uploads/2025/11/Mauzoleum_zima-1024x724.jpg" alt="" class="wp-image-4747" srcset="https://snm-online.sk/wp-content/uploads/2025/11/Mauzoleum_zima-1024x724.jpg 1024w, https://snm-online.sk/wp-content/uploads/2025/11/Mauzoleum_zima-300x212.jpg 300w, https://snm-online.sk/wp-content/uploads/2025/11/Mauzoleum_zima-768x543.jpg 768w, https://snm-online.sk/wp-content/uploads/2025/11/Mauzoleum_zima.jpg 1050w" sizes="auto, (max-width: 1024px) 100vw, 1024px" /></figure>
</div>


<div style="height:50px" aria-hidden="true" class="wp-block-spacer"></div>



<div class="wp-block-essential-blocks-accordion  root-eb-accordion-cyqzn"><div class="eb-parent-wrapper eb-parent-eb-accordion-cyqzn "><div class="eb-accordion-container eb-accordion-cyqzn" data-accordion-type="accordion" data-tab-icon="fas fa-angle-right" data-expanded-icon="fas fa-angle-down" data-transition-duration="500"><div class="eb-accordion-inner">
<div class="wp-block-essential-blocks-accordion-item eb-accordion-item-dgoit eb-accordion-wrapper" data-clickable="false"><div class="eb-accordion-title-wrapper eb-accordion-title-wrapper-eb-accordion-cyqzn" tabindex="0"><span class="eb-accordion-icon-wrapper eb-accordion-icon-wrapper-eb-accordion-cyqzn"><span class="fas fa-angle-right eb-accordion-icon"></span></span><div class="eb-accordion-title-content-wrap title-content-eb-accordion-cyqzn"><h3 class="eb-accordion-title">Otváracie hodiny</h3></div></div><div class="eb-accordion-content-wrapper eb-accordion-content-wrapper-eb-accordion-cyqzn"><div class="eb-accordion-content">
<p><strong>November &#8211; Apríl: Zimný režim</strong></p>



<p><strong>Utorok &#8211; Nedeľa:</strong> na základe objednávky</p>



<p></p>



<p><strong>Máj &#8211; Október:</strong></p>



<p><strong>Pondelok: zatvorené</strong><br><strong>Utorok: zatvorené</strong><br><strong>Streda&nbsp;–&nbsp;nedeľa: 8.30&nbsp;–&nbsp;16.30 h, posledný vstup o&nbsp;16.00 h</strong></p>



<p>Prehliadka mauzólea trvá max. 20 minút. Prehliadka sa uskutočňuje so sprievodcom s hovoreným lektorským textom</p>
</div></div></div>



<div class="wp-block-essential-blocks-accordion-item eb-accordion-item-l2gge eb-accordion-wrapper" data-clickable="false"><div class="eb-accordion-title-wrapper eb-accordion-title-wrapper-eb-accordion-cyqzn" tabindex="0"><span class="eb-accordion-icon-wrapper eb-accordion-icon-wrapper-eb-accordion-cyqzn"><span class="fas fa-angle-right eb-accordion-icon"></span></span><div class="eb-accordion-title-content-wrap title-content-eb-accordion-cyqzn"><h3 class="eb-accordion-title">Kontakt</h3></div></div><div class="eb-accordion-content-wrapper eb-accordion-content-wrapper-eb-accordion-cyqzn"><div class="eb-accordion-content">
<p>SNM – Múzeum Betliar, Lesná ulica 9/17, 049 21 Betliar</p>
</div></div></div>



<div class="wp-block-essential-blocks-accordion-item eb-accordion-item-ijik6 eb-accordion-wrapper" data-clickable="false"><div class="eb-accordion-title-wrapper eb-accordion-title-wrapper-eb-accordion-cyqzn" tabindex="0"><span class="eb-accordion-icon-wrapper eb-accordion-icon-wrapper-eb-accordion-cyqzn"><span class="fas fa-angle-right eb-accordion-icon"></span></span><div class="eb-accordion-title-content-wrap title-content-eb-accordion-cyqzn"><h3 class="eb-accordion-title">Informácie pre návštevníkov</h3></div></div><div class="eb-accordion-content-wrapper eb-accordion-content-wrapper-eb-accordion-cyqzn"><div class="eb-accordion-content">
<h6 class="wp-block-heading"><strong>Pokladňa v mauzóleu</strong></h6>



<p>telefón: +421 58 732 20 34</p>



<h6 class="wp-block-heading"><strong>Lektor</strong></h6>



<p>mobil: +421 918 728 401</p>



<p>Prehliadka mauzólea trvá max. 20 minút so sprievodcom.<strong><br></strong>Prípadná zmena otváracích hodín vyhradená.</p>
</div></div></div>



<div class="wp-block-essential-blocks-accordion-item eb-accordion-item-bo6yp eb-accordion-wrapper" data-clickable="false"><div class="eb-accordion-title-wrapper eb-accordion-title-wrapper-eb-accordion-cyqzn" tabindex="0"><span class="eb-accordion-icon-wrapper eb-accordion-icon-wrapper-eb-accordion-cyqzn"><span class="fas fa-angle-right eb-accordion-icon"></span></span><div class="eb-accordion-title-content-wrap title-content-eb-accordion-cyqzn"><h3 class="eb-accordion-title">Kde nás nájdete</h3></div></div><div class="eb-accordion-content-wrapper eb-accordion-content-wrapper-eb-accordion-cyqzn"><div class="eb-accordion-content"><div style="height:400pxpx;" class="wp-block-themeisle-blocks-leaflet-map" id="wp-block-themeisle-blocks-leaflet-map-68e886d2"></div>
<script type="text/javascript">
	/* <![CDATA[ */
		if ( ! window.themeisleLeafletMaps ) window.themeisleLeafletMaps =[];
		window.themeisleLeafletMaps.push( { container: "wp-block-themeisle-blocks-leaflet-map-68e886d2", attributes: {"id":"wp-block-themeisle-blocks-leaflet-map-68e886d2","location":"Kr\u00e1snohorsk\u00e9 podhradie, Slovakia","latitude":"48.649525940835865","longitude":"20.611717080147237","bbox":"20.61172485351563,48.649525940835865,20.61172485351563,48.649525940835865","zoom":14,"markers":[{"id":"3c7953e2-161f-4a5f-b00e-f689f8d3a217","latitude":48.64572655066105966170653118751943111419677734375,"longitude":20.605890399734040130397261236794292926788330078125,"title":"SNM - Mauz\u00f3leum Andrassyovcov","description":""}],"height":"400px","zoomControl":true,"draggable":true,"hasCustomCSS":false,"customCSS":"","TrpContentRestriction":{"restriction_type":"exclude","selected_languages":[],"panel_open":true},"otterConditions":[]} } );
	/* ]]> */
</script>
</div></div></div>
</div></div></div></div>



<div style="height:100px" aria-hidden="true" class="wp-block-spacer"></div>



<p></p>

<p>Slovenské národné múzeum Mauzóleum je jedinečnou stavbou zo začiatku 20. storočia. Bolo postavené za rekordný čas – jeden rok. Na výstavbu bol použitý biely vápenec zo Sóskútu a interiéry boli&hellip;&nbsp;<a href="https://snm-online.sk/en/mauzoleum-andrassyovcov/" class="" rel="bookmark">Read More &raquo;<span class="screen-reader-text">Mauzóleum Andrassyovcov</span></a></p>
