{"id":3281,"date":"2025-04-03T15:49:23","date_gmt":"2025-04-03T13:49:23","guid":{"rendered":"https:\/\/snm-online.sk\/?page_id=3281"},"modified":"2025-08-20T08:07:02","modified_gmt":"2025-08-20T06:07:02","slug":"obrazy-zeme","status":"publish","type":"page","link":"https:\/\/snm-online.sk\/en\/obrazy-zeme\/","title":{"rendered":"Obrazy zeme"},"content":{"rendered":"<h3 class=\"wp-block-heading\">Komentovan\u00e9 prehliadky<\/h3>\n\n\n\n<div id=\"wp-block-themeisle-blocks-advanced-columns-73949b39\" class=\"wp-block-themeisle-blocks-advanced-columns has-1-columns has-desktop-equal-layout has-tablet-equal-layout has-mobile-equal-layout has-vertical-unset\"><div class=\"wp-block-themeisle-blocks-advanced-columns-overlay\"><\/div><div class=\"innerblocks-wrap\">\n<div id=\"wp-block-themeisle-blocks-advanced-column-ecc7e7dc\" class=\"wp-block-themeisle-blocks-advanced-column\">\n<figure class=\"wp-block-image size-large\"><img loading=\"lazy\" decoding=\"async\" width=\"1024\" height=\"373\" src=\"https:\/\/snm-online.sk\/wp-content\/uploads\/2025\/04\/1920_webimg_Komentovka-Plicka-1024x373.png\" alt=\"\" class=\"wp-image-3282\" srcset=\"https:\/\/snm-online.sk\/wp-content\/uploads\/2025\/04\/1920_webimg_Komentovka-Plicka-1024x373.png 1024w, https:\/\/snm-online.sk\/wp-content\/uploads\/2025\/04\/1920_webimg_Komentovka-Plicka-300x109.png 300w, https:\/\/snm-online.sk\/wp-content\/uploads\/2025\/04\/1920_webimg_Komentovka-Plicka-768x280.png 768w, https:\/\/snm-online.sk\/wp-content\/uploads\/2025\/04\/1920_webimg_Komentovka-Plicka-1536x560.png 1536w, https:\/\/snm-online.sk\/wp-content\/uploads\/2025\/04\/1920_webimg_Komentovka-Plicka.png 1920w\" sizes=\"auto, (max-width: 1024px) 100vw, 1024px\" \/><\/figure>\n<\/div>\n<\/div><\/div>\n\n\n\n<div style=\"height:30px\" aria-hidden=\"true\" class=\"wp-block-spacer\"><\/div>\n\n\n\n<p><strong>Please choose from the listed dates:<\/strong><\/p>\n\n\n\r\n<section class=\"mb-4\">\r\n    <nav class=\"wper-days\">\r\n        \r\n            <\/nav>\r\n\r\n    \r\n    <ul id=\"wperItems\" class=\"wper-list\">\r\n        Sorry, this date is not available.    <\/ul>\r\n<\/section>\r\n\r\n<div class=\"wper-modal\">\r\n    <div class=\"wper-modal__inner\">\r\n        <div class=\"wper-modal__header\">\r\n            <button type=\"button\" class=\"wper-modal__close js-wper-close-modal\">\r\n                <svg width=\"16\" height=\"16\" viewbox=\"0 0 16 16\" fill=\"none\" class=\"svg\" xmlns=\"http:\/\/www.w3.org\/2000\/svg\"><path d=\"M16 7H3.83L9.42 1.41L8 0L0 8L8 16L9.41 14.59L3.83 9H16V7Z\" fill=\"currentColor\"\/><\/svg> <span>Continue shopping<\/span>\r\n            <\/button>\r\n        <\/div>\r\n\r\n        <iframe src=\"\" frameborder=\"0\" class=\"wper-modal__iframe\"><\/iframe>\r\n    <\/div>\r\n<\/div>\r\n\r\n<div class=\"wper-note\">\r\n    <div class=\"wper-note__inner\">\r\n        <div id=\"wperNoteRetail\" class=\"wper-note__content\">\r\n            <h5 class=\"wper-note__title\">Last tickets available only at the museum ticket office.<\/h5>\r\n\r\n            <p>We are sorry, but due to high interest, all tickets reserved for online sales are sold out.<\/p>\r\n\r\n            <p>Last few tickets are available at the castle ticket office. We recommend you visit the ticket office as soon as possible, as tickets sell out quickly.<\/p>\r\n        <\/div>\r\n\r\n        <div id=\"wperNoteSold\" class=\"wper-note__content\">\r\n            <h5 class=\"wper-note__title\">Tickets for this time slot are sold out.<\/h5>\r\n\r\n            <p>We are sorry, but due to high interest, all tickets for this tour are sold out. No tickets are available for this time slot at the castle ticket office either.<\/p>\r\n\r\n            <p>Please try to select another time slot within the day or consider visiting on a different day. We recommend monitoring our website for availability of tickets for individual tours and events.<\/p>\r\n\r\n            <p>Given the high attendance, we advise purchasing tickets well in advance online.<\/p>\r\n        <\/div>\r\n\r\n        <div class=\"wper-note__actions\">\r\n            <button type=\"submit\" class=\"wper-note__close js-wper-close-note\">Got it<\/button>\r\n        <\/div>\r\n    <\/div>\r\n<\/div>\r\n\n\n\n\n<p>\u201eNa za\u010diatku mojich fotografi\u00ed bola piese\u0148. Obrazy chc\u00fa by\u0165 skromnou chv\u00e1lou, tichou oslavou toho Slovenska, ktor\u00e9 som roky obdivoval, pozn\u00e1val a prec\u00edtil na svojich cest\u00e1ch,\u201c vyznal sa priekopn\u00edk slovenskej fotografie a filmu Karol Plicka (1894 \u2013 1987).<\/p>\n\n\n\n<p><strong>Spoznajte jeho \u017eivot a&nbsp;tvorbu na autorskom sprev\u00e1dzan\u00ed v\u00fdstavou Karol Plicka: Obrazy zeme. Prevedie V\u00e1s \u0148ou autorka, kur\u00e1torka Slovensk\u00e9ho n\u00e1rodn\u00e9ho m\u00fazea v&nbsp;Martine PhDr. Da\u0161a Ferklov\u00e1. Komentovan\u00e1 prehliadka sa uskuto\u010dn\u00ed v&nbsp;nede\u013eu 24. augusta 2025, 7. septembra 2025 a&nbsp;19. okt\u00f3bra 2025 o&nbsp;10.30 hod. a&nbsp;15.00 hod. v&nbsp;Etnografickom m\u00fazeu.<\/strong><\/p>\n\n\n\n<p>Kapacita podujatia je limitovan\u00e1, preto vyu\u017eite mo\u017enos\u0165 zak\u00fapi\u0165 si l\u00edstky vopred na pokladni Etnografick\u00e9ho m\u00fazea alebo online.<\/p>\n\n\n\n<p>Slovensko a&nbsp;jeho obyvate\u013eov poznal Karol Plicka ako m\u00e1lokto. Obrazy zeme a \u013eud\u00ed, ktor\u00e9 z&nbsp;t\u00fdchto ciest priniesol, m\u00f4\u017eete vidie\u0165 <strong>v m\u00fazeu od 7.&nbsp;febru\u00e1ra 2025.<\/strong><\/p>\n\n\n\n<p>Dlhodob\u00e1 v\u00fdstava <strong>Karol Plicka: Obrazy zeme<\/strong> je zatia\u013e najv\u00e4\u010d\u0161ou a&nbsp;najkomplexnej\u0161ou prezent\u00e1ciou diela v\u00fdznamn\u00e9ho fotografa a&nbsp;film\u00e1ra. Predstav\u00ed viac ako 450 z\u00e1berov z 20. \u2013 60. rokov 20. storo\u010dia predov\u0161etk\u00fdm zo Slovenska, ale aj z \u010ciech a Moravy. Pr\u00edroda, architekt\u00fara a najm\u00e4 \u013eudia, ktor\u00fdch na nich zachytil, s\u00fa hlavn\u00fdmi predstavite\u013emi aj v jeho filmovej tvorbe \u2013 napr\u00edklad v po\u00e9me Zem spieva, ktor\u00fa si n\u00e1v\u0161tevn\u00edci bud\u00fa m\u00f4c\u0165 na v\u00fdstave vychutna\u0165 v&nbsp;celej d\u013a\u017eke.<\/p>\n\n\n\n<p>Prostredn\u00edctvom unik\u00e1tnej tvorby a&nbsp;osobn\u00fdch predmetov bud\u00fa ma\u0165 n\u00e1v\u0161tevn\u00edci mo\u017enos\u0165 spozna\u0165 aj neoby\u010dajn\u00fa osobnos\u0165 tvorcu, ktor\u00e9ho v\u010faka mnoh\u00fdm talentom naz\u00fdvali majstrom dev\u00e4toro remesiel. Karel, alebo ako si \u017eelal hovori\u0165 na Slovensku, Karol Plicka bol fotografom, kameramanom i&nbsp;re\u017eis\u00e9rom, no z \u010ciech na Slovensko ho priviedla hudba.<\/p>\n\n\n\n<p>Ako nadan\u00e9ho muzikanta, ktor\u00fd sa venoval hre na husliach aj dirigovaniu, ho do svojich slu\u017eieb v roku 1923 vzala Matica slovensk\u00e1, pre ktor\u00fa mal zbiera\u0165 \u013eudov\u00e9 piesne. Pri cest\u00e1ch po hor\u00e1ch a po dol\u00e1ch za\u010dal fotoapar\u00e1tom, nesk\u00f4r kamerou zachyt\u00e1va\u0165 aj spev\u00e1kov a&nbsp;spev\u00e1\u010dky t\u00fdchto piesn\u00ed a ich prirodzen\u00e9 prostredie.<\/p>\n\n\n\n<p>Podarilo sa mu tak vytvori\u0165 neopakovate\u013en\u00e9 sn\u00edmky a ako s\u00e1m povedal, mal \u0161\u0165astie, \u017ee na Slovensko \u201epri\u0161iel doslova v hodine dvan\u00e1stej a zachytil \u013eudov\u00fa kult\u00faru v \u010dase, ke\u010f bola na svojom \u0161t\u00fdlovom vrchole.\u201d Tieto fotografie neboli len such\u00fdm dokumenta\u010dn\u00fdm materi\u00e1lom, ale o slovo sa hl\u00e1sili aj ako umeleck\u00e9 diela, ktor\u00e9 vych\u00e1dzali ako poh\u013eadnice, nesk\u00f4r vo v\u00fdpravn\u00fdch obrazov\u00fdch publik\u00e1ci\u00e1ch.<\/p>\n\n\n\n<p>Nov\u00fa dimenziu do Plickovej tvorby priniesla filmov\u00e1 kamera. \u201eLen film mi dovolil v\u00fdtvarne vyjadri\u0165 piese\u0148 v jej funkcii, v deji, v pohybe, v rytme. A pr\u00e1ve z tohto zasn\u00fabenia hudby a&nbsp;kinetick\u00e9ho obrazu sa zrodil film Zem spieva,\u201d vyjadril sa. Polo\u017eil z\u00e1klady slovenskej kinematografie a st\u00e1l pri zrode prvej filmovej \u0161koly v \u010ceskoslovensku na \u0160kole umeleck\u00e9ho priemyslu v Bratislave, aj zalo\u017een\u00ed Filmovej fakulty Akad\u00e9mie m\u00fazick\u00fdch umen\u00ed v Prahe (FAMU).<\/p>\n\n\n\n<div style=\"height:150px\" aria-hidden=\"true\" class=\"wp-block-spacer\"><\/div>\n\n\n\n<p><strong>If you have any questions about online tickets, please contact us at&nbsp;<a href=\"mailto:pomoc@snm-online.sk\">pomoc@snm-online.sk<\/a><\/strong><\/p>\n\n\n\n<div style=\"height:100px\" aria-hidden=\"true\" class=\"wp-block-spacer\"><\/div>","protected":false},"excerpt":{"rendered":"<p>Komentovan\u00e9 prehliadky Vyberte si pros\u00edm z ponuky d\u00e1tumov a term\u00ednov prehliadok: \u201eNa za\u010diatku mojich fotografi\u00ed bola piese\u0148. Obrazy chc\u00fa by\u0165 skromnou chv\u00e1lou, tichou oslavou toho Slovenska, ktor\u00e9 som roky obdivoval,&hellip;&nbsp;<a href=\"https:\/\/snm-online.sk\/en\/obrazy-zeme\/\" class=\"\" rel=\"bookmark\">Read More &raquo;<span class=\"screen-reader-text\">Obrazy zeme<\/span><\/a><\/p>","protected":false},"author":2,"featured_media":0,"parent":0,"menu_order":0,"comment_status":"closed","ping_status":"closed","template":"","meta":{"_eb_attr":"","neve_meta_sidebar":"","neve_meta_container":"","neve_meta_enable_content_width":"","neve_meta_content_width":0,"neve_meta_title_alignment":"","neve_meta_author_avatar":"","neve_post_elements_order":"","neve_meta_disable_header":"","neve_meta_disable_footer":"","neve_meta_disable_title":"","_themeisle_gutenberg_block_has_review":false,"footnotes":""},"class_list":["post-3281","page","type-page","status-publish","hentry"],"_links":{"self":[{"href":"https:\/\/snm-online.sk\/en\/wp-json\/wp\/v2\/pages\/3281","targetHints":{"allow":["GET"]}}],"collection":[{"href":"https:\/\/snm-online.sk\/en\/wp-json\/wp\/v2\/pages"}],"about":[{"href":"https:\/\/snm-online.sk\/en\/wp-json\/wp\/v2\/types\/page"}],"author":[{"embeddable":true,"href":"https:\/\/snm-online.sk\/en\/wp-json\/wp\/v2\/users\/2"}],"replies":[{"embeddable":true,"href":"https:\/\/snm-online.sk\/en\/wp-json\/wp\/v2\/comments?post=3281"}],"version-history":[{"count":7,"href":"https:\/\/snm-online.sk\/en\/wp-json\/wp\/v2\/pages\/3281\/revisions"}],"predecessor-version":[{"id":4411,"href":"https:\/\/snm-online.sk\/en\/wp-json\/wp\/v2\/pages\/3281\/revisions\/4411"}],"wp:attachment":[{"href":"https:\/\/snm-online.sk\/en\/wp-json\/wp\/v2\/media?parent=3281"}],"curies":[{"name":"wp","href":"https:\/\/api.w.org\/{rel}","templated":true}]}}

<h3 class="wp-block-heading">Komentované prehliadky</h3>



<div id="wp-block-themeisle-blocks-advanced-columns-73949b39" class="wp-block-themeisle-blocks-advanced-columns has-1-columns has-desktop-equal-layout has-tablet-equal-layout has-mobile-equal-layout has-vertical-unset"><div class="wp-block-themeisle-blocks-advanced-columns-overlay"></div><div class="innerblocks-wrap">
<div id="wp-block-themeisle-blocks-advanced-column-ecc7e7dc" class="wp-block-themeisle-blocks-advanced-column">
<figure class="wp-block-image size-large"><img loading="lazy" decoding="async" width="1024" height="373" src="https://snm-online.sk/wp-content/uploads/2025/04/1920_webimg_Komentovka-Plicka-1024x373.png" alt="" class="wp-image-3282" srcset="https://snm-online.sk/wp-content/uploads/2025/04/1920_webimg_Komentovka-Plicka-1024x373.png 1024w, https://snm-online.sk/wp-content/uploads/2025/04/1920_webimg_Komentovka-Plicka-300x109.png 300w, https://snm-online.sk/wp-content/uploads/2025/04/1920_webimg_Komentovka-Plicka-768x280.png 768w, https://snm-online.sk/wp-content/uploads/2025/04/1920_webimg_Komentovka-Plicka-1536x560.png 1536w, https://snm-online.sk/wp-content/uploads/2025/04/1920_webimg_Komentovka-Plicka.png 1920w" sizes="auto, (max-width: 1024px) 100vw, 1024px" /></figure>
</div>
</div></div>



<div style="height:30px" aria-hidden="true" class="wp-block-spacer"></div>



<p><strong>Please choose from the listed dates:</strong></p>



<section class="mb-4">
    <nav class="wper-days">
        
            </nav>

    
    <ul id="wperItems" class="wper-list">
        Sorry, this date is not available.    </ul>
</section>

<div class="wper-modal">
    <div class="wper-modal__inner">
        <div class="wper-modal__header">
            <button type="button" class="wper-modal__close js-wper-close-modal">
                <svg width="16" height="16" viewbox="0 0 16 16" fill="none" class="svg" xmlns="http://www.w3.org/2000/svg"><path d="M16 7H3.83L9.42 1.41L8 0L0 8L8 16L9.41 14.59L3.83 9H16V7Z" fill="currentColor"/></svg> <span>Continue shopping</span>
            </button>
        </div>

        <iframe src="" frameborder="0" class="wper-modal__iframe"></iframe>
    </div>
</div>

<div class="wper-note">
    <div class="wper-note__inner">
        <div id="wperNoteRetail" class="wper-note__content">
            <h5 class="wper-note__title">Last tickets available only at the museum ticket office.</h5>

            <p>We are sorry, but due to high interest, all tickets reserved for online sales are sold out.</p>

            <p>Last few tickets are available at the castle ticket office. We recommend you visit the ticket office as soon as possible, as tickets sell out quickly.</p>
        </div>

        <div id="wperNoteSold" class="wper-note__content">
            <h5 class="wper-note__title">Tickets for this time slot are sold out.</h5>

            <p>We are sorry, but due to high interest, all tickets for this tour are sold out. No tickets are available for this time slot at the castle ticket office either.</p>

            <p>Please try to select another time slot within the day or consider visiting on a different day. We recommend monitoring our website for availability of tickets for individual tours and events.</p>

            <p>Given the high attendance, we advise purchasing tickets well in advance online.</p>
        </div>

        <div class="wper-note__actions">
            <button type="submit" class="wper-note__close js-wper-close-note">Got it</button>
        </div>
    </div>
</div>




<p>„Na začiatku mojich fotografií bola pieseň. Obrazy chcú byť skromnou chválou, tichou oslavou toho Slovenska, ktoré som roky obdivoval, poznával a precítil na svojich cestách,“ vyznal sa priekopník slovenskej fotografie a filmu Karol Plicka (1894 – 1987).</p>



<p><strong>Spoznajte jeho život a&nbsp;tvorbu na autorskom sprevádzaní výstavou Karol Plicka: Obrazy zeme. Prevedie Vás ňou autorka, kurátorka Slovenského národného múzea v&nbsp;Martine PhDr. Daša Ferklová. Komentovaná prehliadka sa uskutoční v&nbsp;nedeľu 24. augusta 2025, 7. septembra 2025 a&nbsp;19. októbra 2025 o&nbsp;10.30 hod. a&nbsp;15.00 hod. v&nbsp;Etnografickom múzeu.</strong></p>



<p>Kapacita podujatia je limitovaná, preto využite možnosť zakúpiť si lístky vopred na pokladni Etnografického múzea alebo online.</p>



<p>Slovensko a&nbsp;jeho obyvateľov poznal Karol Plicka ako málokto. Obrazy zeme a ľudí, ktoré z&nbsp;týchto ciest priniesol, môžete vidieť <strong>v múzeu od 7.&nbsp;februára 2025.</strong></p>



<p>Dlhodobá výstava <strong>Karol Plicka: Obrazy zeme</strong> je zatiaľ najväčšou a&nbsp;najkomplexnejšou prezentáciou diela významného fotografa a&nbsp;filmára. Predstaví viac ako 450 záberov z 20. – 60. rokov 20. storočia predovšetkým zo Slovenska, ale aj z Čiech a Moravy. Príroda, architektúra a najmä ľudia, ktorých na nich zachytil, sú hlavnými predstaviteľmi aj v jeho filmovej tvorbe – napríklad v poéme Zem spieva, ktorú si návštevníci budú môcť na výstave vychutnať v&nbsp;celej dĺžke.</p>



<p>Prostredníctvom unikátnej tvorby a&nbsp;osobných predmetov budú mať návštevníci možnosť spoznať aj neobyčajnú osobnosť tvorcu, ktorého vďaka mnohým talentom nazývali majstrom devätoro remesiel. Karel, alebo ako si želal hovoriť na Slovensku, Karol Plicka bol fotografom, kameramanom i&nbsp;režisérom, no z Čiech na Slovensko ho priviedla hudba.</p>



<p>Ako nadaného muzikanta, ktorý sa venoval hre na husliach aj dirigovaniu, ho do svojich služieb v roku 1923 vzala Matica slovenská, pre ktorú mal zbierať ľudové piesne. Pri cestách po horách a po dolách začal fotoaparátom, neskôr kamerou zachytávať aj spevákov a&nbsp;speváčky týchto piesní a ich prirodzené prostredie.</p>



<p>Podarilo sa mu tak vytvoriť neopakovateľné snímky a ako sám povedal, mal šťastie, že na Slovensko „prišiel doslova v hodine dvanástej a zachytil ľudovú kultúru v čase, keď bola na svojom štýlovom vrchole.” Tieto fotografie neboli len suchým dokumentačným materiálom, ale o slovo sa hlásili aj ako umelecké diela, ktoré vychádzali ako pohľadnice, neskôr vo výpravných obrazových publikáciách.</p>



<p>Novú dimenziu do Plickovej tvorby priniesla filmová kamera. „Len film mi dovolil výtvarne vyjadriť pieseň v jej funkcii, v deji, v pohybe, v rytme. A práve z tohto zasnúbenia hudby a&nbsp;kinetického obrazu sa zrodil film Zem spieva,” vyjadril sa. Položil základy slovenskej kinematografie a stál pri zrode prvej filmovej školy v Československu na Škole umeleckého priemyslu v Bratislave, aj založení Filmovej fakulty Akadémie múzických umení v Prahe (FAMU).</p>



<div style="height:150px" aria-hidden="true" class="wp-block-spacer"></div>



<p><strong>If you have any questions about online tickets, please contact us at&nbsp;<a href="mailto:pomoc@snm-online.sk">pomoc@snm-online.sk</a></strong></p>



<div style="height:100px" aria-hidden="true" class="wp-block-spacer"></div>

<p>Komentované prehliadky Vyberte si prosím z ponuky dátumov a termínov prehliadok: „Na začiatku mojich fotografií bola pieseň. Obrazy chcú byť skromnou chválou, tichou oslavou toho Slovenska, ktoré som roky obdivoval,&hellip;&nbsp;<a href="https://snm-online.sk/en/obrazy-zeme/" class="" rel="bookmark">Read More &raquo;<span class="screen-reader-text">Obrazy zeme</span></a></p>
