{"id":3665,"date":"2025-06-05T15:01:15","date_gmt":"2025-06-05T13:01:15","guid":{"rendered":"https:\/\/snm-online.sk\/?page_id=3665"},"modified":"2025-06-05T15:02:17","modified_gmt":"2025-06-05T13:02:17","slug":"keltska-cesta-europske-dni-archeologie-2025","status":"publish","type":"page","link":"https:\/\/snm-online.sk\/en\/keltska-cesta-europske-dni-archeologie-2025\/","title":{"rendered":"Keltsk\u00e1 cesta \u2013 Eur\u00f3pske dni archeol\u00f3gie 2025"},"content":{"rendered":"<div id=\"wp-block-themeisle-blocks-advanced-columns-7b3a55a4\" class=\"wp-block-themeisle-blocks-advanced-columns has-1-columns has-desktop-equal-layout has-tablet-equal-layout has-mobile-equal-layout has-vertical-unset\"><div class=\"wp-block-themeisle-blocks-advanced-columns-overlay\"><\/div><div class=\"innerblocks-wrap\">\n<div id=\"wp-block-themeisle-blocks-advanced-column-4aca10ca\" class=\"wp-block-themeisle-blocks-advanced-column\">\n<figure class=\"wp-block-image size-large is-resized\"><img loading=\"lazy\" decoding=\"async\" width=\"1024\" height=\"373\" src=\"https:\/\/snm-online.sk\/wp-content\/uploads\/2025\/06\/formaty_WEB1-copy-1024x373.jpg\" alt=\"\" class=\"wp-image-3666\" style=\"width:1170px;height:auto\" srcset=\"https:\/\/snm-online.sk\/wp-content\/uploads\/2025\/06\/formaty_WEB1-copy-1024x373.jpg 1024w, https:\/\/snm-online.sk\/wp-content\/uploads\/2025\/06\/formaty_WEB1-copy-300x109.jpg 300w, https:\/\/snm-online.sk\/wp-content\/uploads\/2025\/06\/formaty_WEB1-copy-768x280.jpg 768w, https:\/\/snm-online.sk\/wp-content\/uploads\/2025\/06\/formaty_WEB1-copy-1536x560.jpg 1536w, https:\/\/snm-online.sk\/wp-content\/uploads\/2025\/06\/formaty_WEB1-copy.jpg 1920w\" sizes=\"auto, (max-width: 1024px) 100vw, 1024px\" \/><\/figure>\n\n\n\n<div style=\"height:20px\" aria-hidden=\"true\" class=\"wp-block-spacer\"><\/div>\n\n\n\n<p><strong>Please choose from the listed dates:<\/strong><\/p>\n\n\n\r\n<section class=\"mb-4\">\r\n    <nav class=\"wper-days\">\r\n        \r\n            <\/nav>\r\n\r\n    \r\n    <ul id=\"wperItems\" class=\"wper-list\">\r\n        Sorry, this date is not available.    <\/ul>\r\n<\/section>\r\n\r\n<div class=\"wper-modal\">\r\n    <div class=\"wper-modal__inner\">\r\n        <div class=\"wper-modal__header\">\r\n            <button type=\"button\" class=\"wper-modal__close js-wper-close-modal\">\r\n                <svg width=\"16\" height=\"16\" viewbox=\"0 0 16 16\" fill=\"none\" class=\"svg\" xmlns=\"http:\/\/www.w3.org\/2000\/svg\"><path d=\"M16 7H3.83L9.42 1.41L8 0L0 8L8 16L9.41 14.59L3.83 9H16V7Z\" fill=\"currentColor\"\/><\/svg> <span>Continue shopping<\/span>\r\n            <\/button>\r\n        <\/div>\r\n\r\n        <iframe src=\"\" frameborder=\"0\" class=\"wper-modal__iframe\"><\/iframe>\r\n    <\/div>\r\n<\/div>\r\n\r\n<div class=\"wper-note\">\r\n    <div class=\"wper-note__inner\">\r\n        <div id=\"wperNoteRetail\" class=\"wper-note__content\">\r\n            <h5 class=\"wper-note__title\">Last tickets available only at the museum ticket office.<\/h5>\r\n\r\n            <p>We are sorry, but due to high interest, all tickets reserved for online sales are sold out.<\/p>\r\n\r\n            <p>Last few tickets are available at the castle ticket office. We recommend you visit the ticket office as soon as possible, as tickets sell out quickly.<\/p>\r\n        <\/div>\r\n\r\n        <div id=\"wperNoteSold\" class=\"wper-note__content\">\r\n            <h5 class=\"wper-note__title\">Tickets for this time slot are sold out.<\/h5>\r\n\r\n            <p>We are sorry, but due to high interest, all tickets for this tour are sold out. No tickets are available for this time slot at the castle ticket office either.<\/p>\r\n\r\n            <p>Please try to select another time slot within the day or consider visiting on a different day. We recommend monitoring our website for availability of tickets for individual tours and events.<\/p>\r\n\r\n            <p>Given the high attendance, we advise purchasing tickets well in advance online.<\/p>\r\n        <\/div>\r\n\r\n        <div class=\"wper-note__actions\">\r\n            <button type=\"submit\" class=\"wper-note__close js-wper-close-note\">Got it<\/button>\r\n        <\/div>\r\n    <\/div>\r\n<\/div>\r\n\n\n\n\n<h5 class=\"wp-block-heading\">Komentovan\u00e1 prehliadka&nbsp;Keltsk\u00e1 cesta<\/h5>\n\n\n\n<p>Za\u010diatok vo v\u00fdstave Kelti z Bratislavy (-1. poschodie)<\/p>\n\n\n\n<p>Kopec, na ktorom stoj\u00ed Bratislavsk\u00fd hrad, bol v 1. storo\u010d\u00ed pred n. l. akropolou keltsk\u00e9ho oppida, ktor\u00e9 sa rozkladalo na \u00fazem\u00ed bratislavsk\u00e9ho Star\u00e9ho Mesta. S\u00fa\u010das\u0165ou prehliadky v\u00fdstavy Kelti z Bratislavy bude n\u00e1v\u0161teva viac ako 2000 rokov star\u00fdch stavieb dochovan\u00fdch in situ, t. j. v mieste n\u00e1lezu, pod pal\u00e1com a v are\u00e1li hradu.<\/p>\n\n\n\n<p><strong>Sprev\u00e1dza:<\/strong>&nbsp;Juraj Kuchar\u00edk, kur\u00e1tor oddelenia star\u0161\u00edch dej\u00edn<\/p>\n\n\n\n<p><em>Komentovan\u00e1 prehliadka je organizovan\u00e1 pri pr\u00edle\u017eitosti&nbsp;Eur\u00f3pskych dn\u00ed archeol\u00f3gie 2025<\/em><\/p>\n\n\n\n<p><em>Slovensk\u00e9 n\u00e1rodn\u00e9 m\u00fazeum \u2013 Historick\u00e9 m\u00fazeum pripravilo&nbsp;14. j\u00fan 2025&nbsp;pri pr\u00edle\u017eitosti Eur\u00f3pskych dn\u00ed archeol\u00f3gie program pre n\u00e1v\u0161tevn\u00edkov zameran\u00fd na archeologick\u00fd v\u00fdskum Bratislavsk\u00e9ho hradu a star\u0161ie dejiny Slovenska. Okrem aktu\u00e1lnych v\u00fdstav a expoz\u00edci\u00ed na v\u00e1s \u010dakaj\u00fa komentovan\u00e9 prehliadky kur\u00e1torov m\u00fazea z oddelenia star\u0161\u00edch dej\u00edn.<\/em><\/p>\n\n\n\n<p><em>Po\u010das va\u0161ej n\u00e1v\u0161tevy nevynechajte v\u00fdstavu Kelti z Bratislavy v podzem\u00ed m\u00fazea, ktor\u00e1 prezentuje bratislavsk\u00e9 oppidum ako aj vz\u00e1cne n\u00e1lezy a samotn\u00fd archeologick\u00fd v\u00fdskum na hradnom kopci. Na v\u00fdstavu nadv\u00e4zuj\u00fa n\u00e1lezy architekt\u00far z 1. storo\u010dia pred Kr. in situ, teda v mieste n\u00e1lezu. N\u00e1jdete ich priamo za v\u00fdstavou a aj pri Barokovej z\u00e1hrade v stavbe R\u00edm II, ktor\u00e1 bude 14. 6. 2025 pre n\u00e1v\u0161tevn\u00edkov m\u00fazea \u0161peci\u00e1lne otvoren\u00e1. V in\u00e9 dni je k dispoz\u00edcii na objedn\u00e1vku so sprievodcom.<\/em><\/p>\n\n\n\n<p><em>Na svoje si v\u0161ak pr\u00eddete aj na 3. poschod\u00ed, kde si taktie\u017e individu\u00e1lne m\u00f4\u017eete pozrie\u0165 v\u00fdstavu Dejiny Slovenska, ktor\u00e1 na \u010dasovej osi dej\u00edn prezentuje n\u00e1lezy od najstar\u0161\u00edch dokladov o pr\u00edtomnosti \u010dloveka na na\u0161om \u00fazem\u00ed a\u017e po bitku pri Moh\u00e1\u010di.<\/em><\/p>\n\n\n\n<p><em>SNM \u2013 Historick\u00e9 m\u00fazeum v spolupr\u00e1ci s N\u00e1rodnou radou Slovenskej republiky po\u010das Eur\u00f3pskych dn\u00ed archeol\u00f3gie 2025 spr\u00edstupn\u00ed taktie\u017e archeologick\u00e9 n\u00e1lezisk\u00e1 in situ (v mieste n\u00e1lezu) v are\u00e1li Bratislavsk\u00e9ho hradu. Viac inform\u00e1ci\u00ed n\u00e1jdete na webe www.snm.sk\/hm<\/em><\/p>\n\n\n\n<div style=\"height:50px\" aria-hidden=\"true\" class=\"wp-block-spacer\"><\/div>\n\n\n\n<p><strong>If you have any questions about online tickets, please contact us at\u00a0<a href=\"mailto:pomoc@snm-online.sk\">pomoc@snm-online.sk<\/a><\/strong><\/p>\n\n\n\n<div style=\"height:100px\" aria-hidden=\"true\" class=\"wp-block-spacer\"><\/div>\n<\/div>\n<\/div><\/div>","protected":false},"excerpt":{"rendered":"","protected":false},"author":2,"featured_media":0,"parent":0,"menu_order":0,"comment_status":"closed","ping_status":"closed","template":"","meta":{"_eb_attr":"","neve_meta_sidebar":"","neve_meta_container":"","neve_meta_enable_content_width":"","neve_meta_content_width":0,"neve_meta_title_alignment":"","neve_meta_author_avatar":"","neve_post_elements_order":"","neve_meta_disable_header":"","neve_meta_disable_footer":"","neve_meta_disable_title":"","_themeisle_gutenberg_block_has_review":false,"footnotes":""},"class_list":["post-3665","page","type-page","status-publish","hentry"],"_links":{"self":[{"href":"https:\/\/snm-online.sk\/en\/wp-json\/wp\/v2\/pages\/3665","targetHints":{"allow":["GET"]}}],"collection":[{"href":"https:\/\/snm-online.sk\/en\/wp-json\/wp\/v2\/pages"}],"about":[{"href":"https:\/\/snm-online.sk\/en\/wp-json\/wp\/v2\/types\/page"}],"author":[{"embeddable":true,"href":"https:\/\/snm-online.sk\/en\/wp-json\/wp\/v2\/users\/2"}],"replies":[{"embeddable":true,"href":"https:\/\/snm-online.sk\/en\/wp-json\/wp\/v2\/comments?post=3665"}],"version-history":[{"count":1,"href":"https:\/\/snm-online.sk\/en\/wp-json\/wp\/v2\/pages\/3665\/revisions"}],"predecessor-version":[{"id":3667,"href":"https:\/\/snm-online.sk\/en\/wp-json\/wp\/v2\/pages\/3665\/revisions\/3667"}],"wp:attachment":[{"href":"https:\/\/snm-online.sk\/en\/wp-json\/wp\/v2\/media?parent=3665"}],"curies":[{"name":"wp","href":"https:\/\/api.w.org\/{rel}","templated":true}]}}

Keltská cesta – Európske dni archeológie 2025

<div id="wp-block-themeisle-blocks-advanced-columns-7b3a55a4" class="wp-block-themeisle-blocks-advanced-columns has-1-columns has-desktop-equal-layout has-tablet-equal-layout has-mobile-equal-layout has-vertical-unset"><div class="wp-block-themeisle-blocks-advanced-columns-overlay"></div><div class="innerblocks-wrap">
<div id="wp-block-themeisle-blocks-advanced-column-4aca10ca" class="wp-block-themeisle-blocks-advanced-column">
<figure class="wp-block-image size-large is-resized"><img loading="lazy" decoding="async" width="1024" height="373" src="https://snm-online.sk/wp-content/uploads/2025/06/formaty_WEB1-copy-1024x373.jpg" alt="" class="wp-image-3666" style="width:1170px;height:auto" srcset="https://snm-online.sk/wp-content/uploads/2025/06/formaty_WEB1-copy-1024x373.jpg 1024w, https://snm-online.sk/wp-content/uploads/2025/06/formaty_WEB1-copy-300x109.jpg 300w, https://snm-online.sk/wp-content/uploads/2025/06/formaty_WEB1-copy-768x280.jpg 768w, https://snm-online.sk/wp-content/uploads/2025/06/formaty_WEB1-copy-1536x560.jpg 1536w, https://snm-online.sk/wp-content/uploads/2025/06/formaty_WEB1-copy.jpg 1920w" sizes="auto, (max-width: 1024px) 100vw, 1024px" /></figure>



<div style="height:20px" aria-hidden="true" class="wp-block-spacer"></div>



<p><strong>Please choose from the listed dates:</strong></p>



<section class="mb-4">
    <nav class="wper-days">
        
            </nav>

    
    <ul id="wperItems" class="wper-list">
        Sorry, this date is not available.    </ul>
</section>

<div class="wper-modal">
    <div class="wper-modal__inner">
        <div class="wper-modal__header">
            <button type="button" class="wper-modal__close js-wper-close-modal">
                <svg width="16" height="16" viewbox="0 0 16 16" fill="none" class="svg" xmlns="http://www.w3.org/2000/svg"><path d="M16 7H3.83L9.42 1.41L8 0L0 8L8 16L9.41 14.59L3.83 9H16V7Z" fill="currentColor"/></svg> <span>Continue shopping</span>
            </button>
        </div>

        <iframe src="" frameborder="0" class="wper-modal__iframe"></iframe>
    </div>
</div>

<div class="wper-note">
    <div class="wper-note__inner">
        <div id="wperNoteRetail" class="wper-note__content">
            <h5 class="wper-note__title">Last tickets available only at the museum ticket office.</h5>

            <p>We are sorry, but due to high interest, all tickets reserved for online sales are sold out.</p>

            <p>Last few tickets are available at the castle ticket office. We recommend you visit the ticket office as soon as possible, as tickets sell out quickly.</p>
        </div>

        <div id="wperNoteSold" class="wper-note__content">
            <h5 class="wper-note__title">Tickets for this time slot are sold out.</h5>

            <p>We are sorry, but due to high interest, all tickets for this tour are sold out. No tickets are available for this time slot at the castle ticket office either.</p>

            <p>Please try to select another time slot within the day or consider visiting on a different day. We recommend monitoring our website for availability of tickets for individual tours and events.</p>

            <p>Given the high attendance, we advise purchasing tickets well in advance online.</p>
        </div>

        <div class="wper-note__actions">
            <button type="submit" class="wper-note__close js-wper-close-note">Got it</button>
        </div>
    </div>
</div>




<h5 class="wp-block-heading">Komentovaná prehliadka&nbsp;Keltská cesta</h5>



<p>Začiatok vo výstave Kelti z Bratislavy (-1. poschodie)</p>



<p>Kopec, na ktorom stojí Bratislavský hrad, bol v 1. storočí pred n. l. akropolou keltského oppida, ktoré sa rozkladalo na území bratislavského Starého Mesta. Súčasťou prehliadky výstavy Kelti z Bratislavy bude návšteva viac ako 2000 rokov starých stavieb dochovaných in situ, t. j. v mieste nálezu, pod palácom a v areáli hradu.</p>



<p><strong>Sprevádza:</strong>&nbsp;Juraj Kucharík, kurátor oddelenia starších dejín</p>



<p><em>Komentovaná prehliadka je organizovaná pri príležitosti&nbsp;Európskych dní archeológie 2025</em></p>



<p><em>Slovenské národné múzeum – Historické múzeum pripravilo&nbsp;14. jún 2025&nbsp;pri príležitosti Európskych dní archeológie program pre návštevníkov zameraný na archeologický výskum Bratislavského hradu a staršie dejiny Slovenska. Okrem aktuálnych výstav a expozícií na vás čakajú komentované prehliadky kurátorov múzea z oddelenia starších dejín.</em></p>



<p><em>Počas vašej návštevy nevynechajte výstavu Kelti z Bratislavy v podzemí múzea, ktorá prezentuje bratislavské oppidum ako aj vzácne nálezy a samotný archeologický výskum na hradnom kopci. Na výstavu nadväzujú nálezy architektúr z 1. storočia pred Kr. in situ, teda v mieste nálezu. Nájdete ich priamo za výstavou a aj pri Barokovej záhrade v stavbe Rím II, ktorá bude 14. 6. 2025 pre návštevníkov múzea špeciálne otvorená. V iné dni je k dispozícii na objednávku so sprievodcom.</em></p>



<p><em>Na svoje si však prídete aj na 3. poschodí, kde si taktiež individuálne môžete pozrieť výstavu Dejiny Slovenska, ktorá na časovej osi dejín prezentuje nálezy od najstarších dokladov o prítomnosti človeka na našom území až po bitku pri Moháči.</em></p>



<p><em>SNM – Historické múzeum v spolupráci s Národnou radou Slovenskej republiky počas Európskych dní archeológie 2025 sprístupní taktiež archeologické náleziská in situ (v mieste nálezu) v areáli Bratislavského hradu. Viac informácií nájdete na webe www.snm.sk/hm</em></p>



<div style="height:50px" aria-hidden="true" class="wp-block-spacer"></div>



<p><strong>If you have any questions about online tickets, please contact us at <a href="mailto:pomoc@snm-online.sk">pomoc@snm-online.sk</a></strong></p>



<div style="height:100px" aria-hidden="true" class="wp-block-spacer"></div>
</div>
</div></div>
