{"id":3963,"date":"2025-07-08T14:25:56","date_gmt":"2025-07-08T12:25:56","guid":{"rendered":"https:\/\/snm-online.sk\/?page_id=3963"},"modified":"2025-07-08T14:26:43","modified_gmt":"2025-07-08T12:26:43","slug":"muzeum-slovenskej-keramickej-plastiky","status":"publish","type":"page","link":"https:\/\/snm-online.sk\/en\/muzeum-slovenskej-keramickej-plastiky\/","title":{"rendered":"M\u00fazeum slovenskej keramickej plastiky"},"content":{"rendered":"\n<h2 class=\"wp-block-heading\">Slovensk\u00e9 n\u00e1rodn\u00e9 m\u00fazeum<\/h2>\n\n\n\n<div id=\"wp-block-themeisle-blocks-advanced-columns-d8c28681\" class=\"wp-block-themeisle-blocks-advanced-columns has-2-columns has-desktop-equal-layout has-tablet-equal-layout has-mobile-collapsedRows-layout has-vertical-unset\"><div class=\"wp-block-themeisle-blocks-advanced-columns-overlay\"><\/div><div class=\"innerblocks-wrap\">\n<div id=\"wp-block-themeisle-blocks-advanced-column-6432273b\" class=\"wp-block-themeisle-blocks-advanced-column\">\n<figure class=\"wp-block-image size-full has-custom-border\"><img loading=\"lazy\" decoding=\"async\" width=\"2560\" height=\"1920\" src=\"https:\/\/snm-online.sk\/wp-content\/uploads\/2025\/07\/Muzeum-keramickej-plastiky-MODRA-scaled.jpg\" alt=\"\" class=\"wp-image-3965\" style=\"border-radius:5px\" srcset=\"https:\/\/snm-online.sk\/wp-content\/uploads\/2025\/07\/Muzeum-keramickej-plastiky-MODRA-scaled.jpg 2560w, https:\/\/snm-online.sk\/wp-content\/uploads\/2025\/07\/Muzeum-keramickej-plastiky-MODRA-300x225.jpg 300w, https:\/\/snm-online.sk\/wp-content\/uploads\/2025\/07\/Muzeum-keramickej-plastiky-MODRA-1024x768.jpg 1024w, https:\/\/snm-online.sk\/wp-content\/uploads\/2025\/07\/Muzeum-keramickej-plastiky-MODRA-768x576.jpg 768w, https:\/\/snm-online.sk\/wp-content\/uploads\/2025\/07\/Muzeum-keramickej-plastiky-MODRA-1536x1152.jpg 1536w, https:\/\/snm-online.sk\/wp-content\/uploads\/2025\/07\/Muzeum-keramickej-plastiky-MODRA-2048x1536.jpg 2048w\" sizes=\"auto, (max-width: 2560px) 100vw, 2560px\" \/><\/figure>\n<\/div>\n\n\n\n<div id=\"wp-block-themeisle-blocks-advanced-column-32619151\" class=\"wp-block-themeisle-blocks-advanced-column\">\n<figure class=\"wp-block-image size-full has-custom-border\"><img loading=\"lazy\" decoding=\"async\" width=\"2560\" height=\"1920\" src=\"https:\/\/snm-online.sk\/wp-content\/uploads\/2025\/07\/Ignac-Bizmayer-1-scaled.jpeg\" alt=\"\" class=\"wp-image-3969\" style=\"border-radius:5px\" srcset=\"https:\/\/snm-online.sk\/wp-content\/uploads\/2025\/07\/Ignac-Bizmayer-1-scaled.jpeg 2560w, https:\/\/snm-online.sk\/wp-content\/uploads\/2025\/07\/Ignac-Bizmayer-1-300x225.jpeg 300w, https:\/\/snm-online.sk\/wp-content\/uploads\/2025\/07\/Ignac-Bizmayer-1-1024x768.jpeg 1024w, https:\/\/snm-online.sk\/wp-content\/uploads\/2025\/07\/Ignac-Bizmayer-1-768x576.jpeg 768w, https:\/\/snm-online.sk\/wp-content\/uploads\/2025\/07\/Ignac-Bizmayer-1-1536x1152.jpeg 1536w, https:\/\/snm-online.sk\/wp-content\/uploads\/2025\/07\/Ignac-Bizmayer-1-2048x1536.jpeg 2048w\" sizes=\"auto, (max-width: 2560px) 100vw, 2560px\" \/><\/figure>\n<\/div>\n<\/div><\/div>\n\n\n\n<div style=\"height:30px\" aria-hidden=\"true\" class=\"wp-block-spacer\"><\/div>\n\n\n\n<h5 class=\"wp-block-heading\">V tomto m\u00fazeu nem\u00e1me moment\u00e1lne online predaj l\u00edstkov. L\u00edstky si m\u00f4\u017eete zak\u00fapi\u0165 na mieste v pokladni m\u00fazea.<\/h5>\n\n\n\n<p>SNM \u2013 M\u00fazeum \u013dudov\u00edta \u0160t\u00fara \u2013&nbsp;M\u00fazeum slovenskej keramickej plastiky v Modre predstavuje trval\u00fd priestor na prezent\u00e1ciu jedine\u010dnej remeselnej trad\u00edcie Slovenska. Nach\u00e1dza sa v malebnom uzatvorenom z\u00e1kut\u00ed v tesnej bl\u00edzkosti hradieb mestsk\u00e9ho opevnenia zo 17. storo\u010dia a dvorovou \u010dastou je spojen\u00fd so severnou ba\u0161tou, v ktorej je umiestnen\u00e1 Gal\u00e9ria Ign\u00e1ca Bizmayera. St\u00e1la expoz\u00edcia by mala v bud\u00facnosti predstavova\u0165 historick\u00fd prierez keramickej v\u00fdroby a tvorby od najstar\u0161\u00edch dochovan\u00fdch \u010dias a\u017e do s\u00fa\u010dasnosti. Jej samostatn\u00fa \u010das\u0165 u\u017e teraz tvoria expon\u00e1ty, ktor\u00e9 vy\u0161li z r\u00fak legend\u00e1rneho keramik\u00e1ra He\u0159mana Landsfelda. Do vybudovania expoz\u00edcie m\u00fazeum predstavuje do\u010dasn\u00e9 keramick\u00e9 v\u00fdstavy. \u00davodn\u00e1 v\u00fdstava&nbsp;mala n\u00e1zov Keramick\u00e9 dedi\u010dstvo &#8211; z\u00e1padoslovensk\u00e1 fajansa z Rak\u00faskeho n\u00e1rodopisn\u00e9ho m\u00fazea a predstavila unik\u00e1tne keramick\u00e9 diela od 17. do za\u010diatku 20. storo\u010dia.&nbsp;M\u00fazeum bolo vybudovan\u00e9 v\u010faka prostriedkom E\u00da v r\u00e1mci slovensko-rak\u00faskeho projektu&nbsp;<a href=\"https:\/\/www.snm.sk\/?tra-ker-uvodna-stranka\">TRA-KER<\/a>.&nbsp;\u00davodn\u00e1 v\u00fdstava niesla n\u00e1zov Keramick\u00e9 dedi\u010dstvo &#8211; z\u00e1padoslovensk\u00e1 fajansa z Rak\u00faskeho n\u00e1rodopisn\u00e9ho m\u00fazea. Projekt&nbsp;<a href=\"https:\/\/www.snm.sk\/?tra-ker-uvodna-stranka\">TRA-KER<\/a>&nbsp;sa zav\u0155\u0161il&nbsp;v\u00fdstavou S citom v ruk\u00e1ch &#8211; S\u00fa\u010dasn\u00ed hrn\u010diari v Burgenlande a Bratislavskom kraji. O s\u00fa\u010dasnej v\u00fdstave&nbsp;vi\u010f&nbsp;<a href=\"https:\/\/www.snm.sk\/muzea-snm\/muzeum-ludovita-stura\/muzeum-slovenskej-keramickej-plastiky\/navstivte\/vystavy\">Aktu\u00e1lne v\u00fdstavy<\/a>.&nbsp;<\/p>\n\n\n\n<p>St\u00e1la expoz\u00edcia Z dej\u00edn modranskej keramiky bola otvoren\u00e1 20. m\u00e1ja 2017.&nbsp;Zachyt\u00e1va tradi\u010dn\u00e9 mestsk\u00e9 remeslo od obdobia prv\u00fdch p\u00edsomn\u00fdch prame\u0148ov. V\u0161\u00edma si keramick\u00e9 trad\u00edcie, \u017eivot v hrn\u010diarskom cechu a&nbsp;v\u00fdrobky, ktor\u00e9 v diel\u0148ach vyr\u00e1bali hrn\u010diari a&nbsp;d\u017ebank\u00e1ri. Okrem hrn\u010diarstva a d\u017ebank\u00e1rstva vznikala popri tradi\u010dnom keramickom sortimente aj&nbsp;bohat\u00e1 figur\u00e1lna tvorba, ktor\u00e1 je v expoz\u00edcii prezentovan\u00e1 samostatne.&nbsp;<\/p>\n\n\n\n<div style=\"height:50px\" aria-hidden=\"true\" class=\"wp-block-spacer\"><\/div>\n\n\n\n<div class=\"wp-block-essential-blocks-accordion  root-eb-accordion-6t7f1\"><div class=\"eb-parent-wrapper eb-parent-eb-accordion-6t7f1 \"><div class=\"eb-accordion-container eb-accordion-6t7f1\" data-accordion-type=\"accordion\" data-tab-icon=\"dashicons-arrow-right-alt2\" data-expanded-icon=\"dashicons-arrow-down-alt2\" data-transition-duration=\"500\"><div class=\"eb-accordion-inner\">\n<div class=\"wp-block-essential-blocks-accordion-item eb-accordion-item-jbbes eb-accordion-wrapper\" data-clickable=\"false\"><div class=\"eb-accordion-title-wrapper eb-accordion-title-wrapper-eb-accordion-6t7f1\" tabindex=\"0\"><span class=\"eb-accordion-icon-wrapper eb-accordion-icon-wrapper-eb-accordion-6t7f1\"><span class=\"dashicon dashicons dashicons-arrow-right-alt2 eb-accordion-icon\"><\/span><\/span><div class=\"eb-accordion-title-content-wrap title-content-eb-accordion-6t7f1\"><h3 class=\"eb-accordion-title\">Otv\u00e1racie hodiny<\/h3><\/div><\/div><div class=\"eb-accordion-content-wrapper eb-accordion-content-wrapper-eb-accordion-6t7f1\"><div class=\"eb-accordion-content\">\n<p class=\"has-neve-text-color-color has-text-color has-link-color wp-elements-ec9082777d684ae115e69debef0e4f2e\"><strong>November \u2013 marec<\/strong><\/p>\n\n\n\n<p>utorok&nbsp;\u2013&nbsp;piatok: 8.30 \u2013 16.00 h, posledn\u00fd vstup 15.30 h&nbsp;<\/p>\n\n\n\n<p><\/p>\n\n\n\n<p class=\"has-neve-text-color-color has-text-color has-link-color wp-elements-843cc25a758cab199b24602d8273eb3e\"><strong>Apr\u00edl \u2013 okt\u00f3ber<\/strong>&nbsp;<br>utorok&nbsp;\u2013&nbsp;piatok: 8.30 \u2013 16.00 h, posledn\u00fd vstup 15.30 h<br>sobota: 9.00 \u2013 15.00 h&nbsp;<\/p>\n<\/div><\/div><\/div>\n\n\n\n<div class=\"wp-block-essential-blocks-accordion-item eb-accordion-item-xfxnw eb-accordion-wrapper\" data-clickable=\"false\"><div class=\"eb-accordion-title-wrapper eb-accordion-title-wrapper-eb-accordion-6t7f1\" tabindex=\"0\"><span class=\"eb-accordion-icon-wrapper eb-accordion-icon-wrapper-eb-accordion-6t7f1\"><span class=\"dashicon dashicons dashicons-arrow-right-alt2 eb-accordion-icon\"><\/span><\/span><div class=\"eb-accordion-title-content-wrap title-content-eb-accordion-6t7f1\"><h3 class=\"eb-accordion-title\">Kontakt<\/h3><\/div><\/div><div class=\"eb-accordion-content-wrapper eb-accordion-content-wrapper-eb-accordion-6t7f1\"><div class=\"eb-accordion-content\">\n<p><strong>S\u00eddlo<\/strong>&nbsp;<\/p>\n\n\n\n<p class=\"has-neve-text-color-color has-text-color has-link-color wp-elements-1ec20fd644757184b77c8b6b12fa4d86\">SNM \u2013 M\u00fazeum \u013dudov\u00edta \u0160t\u00fara v Modre&nbsp;\u2013 M\u00fazeum slovenskej keramickej plastiky<br>Kuku\u010d\u00ednova 15<br>900 01 Modra<\/p>\n\n\n\n<p><strong>Kontakt<\/strong>&nbsp;<\/p>\n\n\n\n<p class=\"has-neve-text-color-color has-text-color has-link-color wp-elements-127d5f1f841462ff53e59f9886b68d96\">tel.: 033\/2433050; +421 33 647 27 65; +421 905 719 273<br>e-mail: mls@snm.sk<\/p>\n<\/div><\/div><\/div>\n\n\n\n<div class=\"wp-block-essential-blocks-accordion-item eb-accordion-item-7e36t eb-accordion-wrapper\" data-clickable=\"false\"><div class=\"eb-accordion-title-wrapper eb-accordion-title-wrapper-eb-accordion-6t7f1\" tabindex=\"0\"><span class=\"eb-accordion-icon-wrapper eb-accordion-icon-wrapper-eb-accordion-6t7f1\"><span class=\"dashicon dashicons dashicons-arrow-right-alt2 eb-accordion-icon\"><\/span><\/span><div class=\"eb-accordion-title-content-wrap title-content-eb-accordion-6t7f1\"><h3 class=\"eb-accordion-title\">Kde n\u00e1s n\u00e1jdete<\/h3><\/div><\/div><div class=\"eb-accordion-content-wrapper eb-accordion-content-wrapper-eb-accordion-6t7f1\"><div class=\"eb-accordion-content\">\n<p><\/p>\n\n\n<div style=\"height:400pxpx;\" class=\"wp-block-themeisle-blocks-leaflet-map\" id=\"wp-block-themeisle-blocks-leaflet-map-ac01c66a\"><\/div>\n<script type=\"text\/javascript\">\n\t\/* <![CDATA[ *\/\n\t\tif ( ! window.themeisleLeafletMaps ) window.themeisleLeafletMaps =[];\n\t\twindow.themeisleLeafletMaps.push( { container: \"wp-block-themeisle-blocks-leaflet-map-ac01c66a\", attributes: {\"id\":\"wp-block-themeisle-blocks-leaflet-map-ac01c66a\",\"location\":\"Kuku\\u010d\\u00ednova 15 900 01 Modra\",\"latitude\":\"48.335716950000005\",\"longitude\":\"17.307771310916948\",\"bbox\":\"17.30479717254639,48.33500291219868,17.310740947723392,48.336429342705856\",\"zoom\":18,\"markers\":[{\"id\":\"0f474747-9d64-49f5-ab08-29dce77cf4b8\",\"latitude\":48.33571695000000545405782759189605712890625,\"longitude\":17.3077713109169479821503045968711376190185546875,\"title\":\"SNM - M\\u00fazeum slovenskej keramickej plastiky\",\"description\":\"\"}],\"height\":\"400px\",\"zoomControl\":true,\"draggable\":true,\"hasCustomCSS\":false,\"customCSS\":\"\",\"TrpContentRestriction\":{\"restriction_type\":\"exclude\",\"selected_languages\":[],\"panel_open\":true},\"otterConditions\":[]} } );\n\t\/* ]]> *\/\n<\/script>\n<\/div><\/div><\/div>\n<\/div><\/div><\/div><\/div>\n\n\n\n<div style=\"height:100px\" aria-hidden=\"true\" class=\"wp-block-spacer\"><\/div>\n","protected":false},"excerpt":{"rendered":"<p>Slovensk\u00e9 n\u00e1rodn\u00e9 m\u00fazeum V tomto m\u00fazeu nem\u00e1me moment\u00e1lne online predaj l\u00edstkov. L\u00edstky si m\u00f4\u017eete zak\u00fapi\u0165 na mieste v pokladni m\u00fazea. SNM \u2013 M\u00fazeum \u013dudov\u00edta \u0160t\u00fara \u2013&nbsp;M\u00fazeum slovenskej keramickej plastiky v&hellip;&nbsp;<a href=\"https:\/\/snm-online.sk\/en\/muzeum-slovenskej-keramickej-plastiky\/\" class=\"\" rel=\"bookmark\">Read More &raquo;<span class=\"screen-reader-text\">M\u00fazeum slovenskej keramickej plastiky<\/span><\/a><\/p>","protected":false},"author":2,"featured_media":0,"parent":0,"menu_order":0,"comment_status":"closed","ping_status":"closed","template":"","meta":{"_eb_attr":"","neve_meta_sidebar":"","neve_meta_container":"","neve_meta_enable_content_width":"","neve_meta_content_width":0,"neve_meta_title_alignment":"","neve_meta_author_avatar":"","neve_post_elements_order":"","neve_meta_disable_header":"","neve_meta_disable_footer":"","neve_meta_disable_title":"","_themeisle_gutenberg_block_has_review":false,"footnotes":""},"class_list":["post-3963","page","type-page","status-publish","hentry"],"_links":{"self":[{"href":"https:\/\/snm-online.sk\/en\/wp-json\/wp\/v2\/pages\/3963","targetHints":{"allow":["GET"]}}],"collection":[{"href":"https:\/\/snm-online.sk\/en\/wp-json\/wp\/v2\/pages"}],"about":[{"href":"https:\/\/snm-online.sk\/en\/wp-json\/wp\/v2\/types\/page"}],"author":[{"embeddable":true,"href":"https:\/\/snm-online.sk\/en\/wp-json\/wp\/v2\/users\/2"}],"replies":[{"embeddable":true,"href":"https:\/\/snm-online.sk\/en\/wp-json\/wp\/v2\/comments?post=3963"}],"version-history":[{"count":16,"href":"https:\/\/snm-online.sk\/en\/wp-json\/wp\/v2\/pages\/3963\/revisions"}],"predecessor-version":[{"id":4178,"href":"https:\/\/snm-online.sk\/en\/wp-json\/wp\/v2\/pages\/3963\/revisions\/4178"}],"wp:attachment":[{"href":"https:\/\/snm-online.sk\/en\/wp-json\/wp\/v2\/media?parent=3963"}],"curies":[{"name":"wp","href":"https:\/\/api.w.org\/{rel}","templated":true}]}}

Múzeum slovenskej keramickej plastiky

<h2 class="wp-block-heading">Slovenské národné múzeum</h2>



<div id="wp-block-themeisle-blocks-advanced-columns-d8c28681" class="wp-block-themeisle-blocks-advanced-columns has-2-columns has-desktop-equal-layout has-tablet-equal-layout has-mobile-collapsedRows-layout has-vertical-unset"><div class="wp-block-themeisle-blocks-advanced-columns-overlay"></div><div class="innerblocks-wrap">
<div id="wp-block-themeisle-blocks-advanced-column-6432273b" class="wp-block-themeisle-blocks-advanced-column">
<figure class="wp-block-image size-full has-custom-border"><img loading="lazy" decoding="async" width="2560" height="1920" src="https://snm-online.sk/wp-content/uploads/2025/07/Muzeum-keramickej-plastiky-MODRA-scaled.jpg" alt="" class="wp-image-3965" style="border-radius:5px" srcset="https://snm-online.sk/wp-content/uploads/2025/07/Muzeum-keramickej-plastiky-MODRA-scaled.jpg 2560w, https://snm-online.sk/wp-content/uploads/2025/07/Muzeum-keramickej-plastiky-MODRA-300x225.jpg 300w, https://snm-online.sk/wp-content/uploads/2025/07/Muzeum-keramickej-plastiky-MODRA-1024x768.jpg 1024w, https://snm-online.sk/wp-content/uploads/2025/07/Muzeum-keramickej-plastiky-MODRA-768x576.jpg 768w, https://snm-online.sk/wp-content/uploads/2025/07/Muzeum-keramickej-plastiky-MODRA-1536x1152.jpg 1536w, https://snm-online.sk/wp-content/uploads/2025/07/Muzeum-keramickej-plastiky-MODRA-2048x1536.jpg 2048w" sizes="auto, (max-width: 2560px) 100vw, 2560px" /></figure>
</div>



<div id="wp-block-themeisle-blocks-advanced-column-32619151" class="wp-block-themeisle-blocks-advanced-column">
<figure class="wp-block-image size-full has-custom-border"><img loading="lazy" decoding="async" width="2560" height="1920" src="https://snm-online.sk/wp-content/uploads/2025/07/Ignac-Bizmayer-1-scaled.jpeg" alt="" class="wp-image-3969" style="border-radius:5px" srcset="https://snm-online.sk/wp-content/uploads/2025/07/Ignac-Bizmayer-1-scaled.jpeg 2560w, https://snm-online.sk/wp-content/uploads/2025/07/Ignac-Bizmayer-1-300x225.jpeg 300w, https://snm-online.sk/wp-content/uploads/2025/07/Ignac-Bizmayer-1-1024x768.jpeg 1024w, https://snm-online.sk/wp-content/uploads/2025/07/Ignac-Bizmayer-1-768x576.jpeg 768w, https://snm-online.sk/wp-content/uploads/2025/07/Ignac-Bizmayer-1-1536x1152.jpeg 1536w, https://snm-online.sk/wp-content/uploads/2025/07/Ignac-Bizmayer-1-2048x1536.jpeg 2048w" sizes="auto, (max-width: 2560px) 100vw, 2560px" /></figure>
</div>
</div></div>



<div style="height:30px" aria-hidden="true" class="wp-block-spacer"></div>



<h5 class="wp-block-heading">V tomto múzeu nemáme momentálne online predaj lístkov. Lístky si môžete zakúpiť na mieste v pokladni múzea.</h5>



<p>SNM – Múzeum Ľudovíta Štúra –&nbsp;Múzeum slovenskej keramickej plastiky v Modre predstavuje trvalý priestor na prezentáciu jedinečnej remeselnej tradície Slovenska. Nachádza sa v malebnom uzatvorenom zákutí v tesnej blízkosti hradieb mestského opevnenia zo 17. storočia a dvorovou častou je spojený so severnou baštou, v ktorej je umiestnená Galéria Ignáca Bizmayera. Stála expozícia by mala v budúcnosti predstavovať historický prierez keramickej výroby a tvorby od najstarších dochovaných čias až do súčasnosti. Jej samostatnú časť už teraz tvoria exponáty, ktoré vyšli z rúk legendárneho keramikára Heřmana Landsfelda. Do vybudovania expozície múzeum predstavuje dočasné keramické výstavy. Úvodná výstava&nbsp;mala názov Keramické dedičstvo &#8211; západoslovenská fajansa z Rakúskeho národopisného múzea a predstavila unikátne keramické diela od 17. do začiatku 20. storočia.&nbsp;Múzeum bolo vybudované vďaka prostriedkom EÚ v rámci slovensko-rakúskeho projektu&nbsp;<a href="https://www.snm.sk/?tra-ker-uvodna-stranka">TRA-KER</a>.&nbsp;Úvodná výstava niesla názov Keramické dedičstvo &#8211; západoslovenská fajansa z Rakúskeho národopisného múzea. Projekt&nbsp;<a href="https://www.snm.sk/?tra-ker-uvodna-stranka">TRA-KER</a>&nbsp;sa zavŕšil&nbsp;výstavou S citom v rukách &#8211; Súčasní hrnčiari v Burgenlande a Bratislavskom kraji. O súčasnej výstave&nbsp;viď&nbsp;<a href="https://www.snm.sk/muzea-snm/muzeum-ludovita-stura/muzeum-slovenskej-keramickej-plastiky/navstivte/vystavy">Aktuálne výstavy</a>.&nbsp;</p>



<p>Stála expozícia Z dejín modranskej keramiky bola otvorená 20. mája 2017.&nbsp;Zachytáva tradičné mestské remeslo od obdobia prvých písomných prameňov. Všíma si keramické tradície, život v hrnčiarskom cechu a&nbsp;výrobky, ktoré v dielňach vyrábali hrnčiari a&nbsp;džbankári. Okrem hrnčiarstva a džbankárstva vznikala popri tradičnom keramickom sortimente aj&nbsp;bohatá figurálna tvorba, ktorá je v expozícii prezentovaná samostatne.&nbsp;</p>



<div style="height:50px" aria-hidden="true" class="wp-block-spacer"></div>



<div class="wp-block-essential-blocks-accordion  root-eb-accordion-6t7f1"><div class="eb-parent-wrapper eb-parent-eb-accordion-6t7f1 "><div class="eb-accordion-container eb-accordion-6t7f1" data-accordion-type="accordion" data-tab-icon="dashicons-arrow-right-alt2" data-expanded-icon="dashicons-arrow-down-alt2" data-transition-duration="500"><div class="eb-accordion-inner">
<div class="wp-block-essential-blocks-accordion-item eb-accordion-item-jbbes eb-accordion-wrapper" data-clickable="false"><div class="eb-accordion-title-wrapper eb-accordion-title-wrapper-eb-accordion-6t7f1" tabindex="0"><span class="eb-accordion-icon-wrapper eb-accordion-icon-wrapper-eb-accordion-6t7f1"><span class="dashicon dashicons dashicons-arrow-right-alt2 eb-accordion-icon"></span></span><div class="eb-accordion-title-content-wrap title-content-eb-accordion-6t7f1"><h3 class="eb-accordion-title">Otváracie hodiny</h3></div></div><div class="eb-accordion-content-wrapper eb-accordion-content-wrapper-eb-accordion-6t7f1"><div class="eb-accordion-content">
<p class="has-neve-text-color-color has-text-color has-link-color wp-elements-ec9082777d684ae115e69debef0e4f2e"><strong>November – marec</strong></p>



<p>utorok&nbsp;–&nbsp;piatok: 8.30 – 16.00 h, posledný vstup 15.30 h&nbsp;</p>



<p></p>



<p class="has-neve-text-color-color has-text-color has-link-color wp-elements-843cc25a758cab199b24602d8273eb3e"><strong>Apríl – október</strong>&nbsp;<br>utorok&nbsp;–&nbsp;piatok: 8.30 – 16.00 h, posledný vstup 15.30 h<br>sobota: 9.00 – 15.00 h&nbsp;</p>
</div></div></div>



<div class="wp-block-essential-blocks-accordion-item eb-accordion-item-xfxnw eb-accordion-wrapper" data-clickable="false"><div class="eb-accordion-title-wrapper eb-accordion-title-wrapper-eb-accordion-6t7f1" tabindex="0"><span class="eb-accordion-icon-wrapper eb-accordion-icon-wrapper-eb-accordion-6t7f1"><span class="dashicon dashicons dashicons-arrow-right-alt2 eb-accordion-icon"></span></span><div class="eb-accordion-title-content-wrap title-content-eb-accordion-6t7f1"><h3 class="eb-accordion-title">Kontakt</h3></div></div><div class="eb-accordion-content-wrapper eb-accordion-content-wrapper-eb-accordion-6t7f1"><div class="eb-accordion-content">
<p><strong>Sídlo</strong>&nbsp;</p>



<p class="has-neve-text-color-color has-text-color has-link-color wp-elements-1ec20fd644757184b77c8b6b12fa4d86">SNM – Múzeum Ľudovíta Štúra v Modre&nbsp;– Múzeum slovenskej keramickej plastiky<br>Kukučínova 15<br>900 01 Modra</p>



<p><strong>Kontakt</strong>&nbsp;</p>



<p class="has-neve-text-color-color has-text-color has-link-color wp-elements-127d5f1f841462ff53e59f9886b68d96">tel.: 033/2433050; +421 33 647 27 65; +421 905 719 273<br>e-mail: mls@snm.sk</p>
</div></div></div>



<div class="wp-block-essential-blocks-accordion-item eb-accordion-item-7e36t eb-accordion-wrapper" data-clickable="false"><div class="eb-accordion-title-wrapper eb-accordion-title-wrapper-eb-accordion-6t7f1" tabindex="0"><span class="eb-accordion-icon-wrapper eb-accordion-icon-wrapper-eb-accordion-6t7f1"><span class="dashicon dashicons dashicons-arrow-right-alt2 eb-accordion-icon"></span></span><div class="eb-accordion-title-content-wrap title-content-eb-accordion-6t7f1"><h3 class="eb-accordion-title">Kde nás nájdete</h3></div></div><div class="eb-accordion-content-wrapper eb-accordion-content-wrapper-eb-accordion-6t7f1"><div class="eb-accordion-content">
<p></p>


<div style="height:400pxpx;" class="wp-block-themeisle-blocks-leaflet-map" id="wp-block-themeisle-blocks-leaflet-map-ac01c66a"></div>
<script type="text/javascript">
	/* <![CDATA[ */
		if ( ! window.themeisleLeafletMaps ) window.themeisleLeafletMaps =[];
		window.themeisleLeafletMaps.push( { container: "wp-block-themeisle-blocks-leaflet-map-ac01c66a", attributes: {"id":"wp-block-themeisle-blocks-leaflet-map-ac01c66a","location":"Kuku\u010d\u00ednova 15 900 01 Modra","latitude":"48.335716950000005","longitude":"17.307771310916948","bbox":"17.30479717254639,48.33500291219868,17.310740947723392,48.336429342705856","zoom":18,"markers":[{"id":"0f474747-9d64-49f5-ab08-29dce77cf4b8","latitude":48.33571695000000545405782759189605712890625,"longitude":17.3077713109169479821503045968711376190185546875,"title":"SNM - M\u00fazeum slovenskej keramickej plastiky","description":""}],"height":"400px","zoomControl":true,"draggable":true,"hasCustomCSS":false,"customCSS":"","TrpContentRestriction":{"restriction_type":"exclude","selected_languages":[],"panel_open":true},"otterConditions":[]} } );
	/* ]]> */
</script>
</div></div></div>
</div></div></div></div>



<div style="height:100px" aria-hidden="true" class="wp-block-spacer"></div>

<p>Slovenské národné múzeum V tomto múzeu nemáme momentálne online predaj lístkov. Lístky si môžete zakúpiť na mieste v pokladni múzea. SNM – Múzeum Ľudovíta Štúra –&nbsp;Múzeum slovenskej keramickej plastiky v&hellip;&nbsp;<a href="https://snm-online.sk/en/muzeum-slovenskej-keramickej-plastiky/" class="" rel="bookmark">Read More &raquo;<span class="screen-reader-text">Múzeum slovenskej keramickej plastiky</span></a></p>
