{"id":4189,"date":"2025-07-10T13:51:48","date_gmt":"2025-07-10T11:51:48","guid":{"rendered":"https:\/\/snm-online.sk\/?page_id=4189"},"modified":"2025-07-14T11:24:51","modified_gmt":"2025-07-14T09:24:51","slug":"operny-vecer","status":"publish","type":"page","link":"https:\/\/snm-online.sk\/en\/operny-vecer\/","title":{"rendered":"Opern\u00fd ve\u010der"},"content":{"rendered":"<div id=\"wp-block-themeisle-blocks-advanced-columns-8632fdcb\" class=\"wp-block-themeisle-blocks-advanced-columns has-1-columns has-desktop-equal-layout has-tablet-equal-layout has-mobile-equal-layout has-vertical-unset\"><div class=\"wp-block-themeisle-blocks-advanced-columns-overlay\"><\/div><div class=\"innerblocks-wrap\">\n<div id=\"wp-block-themeisle-blocks-advanced-column-2eb23791\" class=\"wp-block-themeisle-blocks-advanced-column\">\n<figure class=\"wp-block-image size-full has-custom-border\" id=\"wp-block-themeisle-blocks-image-b9b2432d\"><img loading=\"lazy\" decoding=\"async\" width=\"1920\" height=\"700\" src=\"https:\/\/snm-online.sk\/wp-content\/uploads\/2025\/07\/1920-x-700-px-Operny-vecer-.png\" alt=\"\" class=\"wp-image-4190\" style=\"border-radius:5px\" srcset=\"https:\/\/snm-online.sk\/wp-content\/uploads\/2025\/07\/1920-x-700-px-Operny-vecer-.png 1920w, https:\/\/snm-online.sk\/wp-content\/uploads\/2025\/07\/1920-x-700-px-Operny-vecer--300x109.png 300w, https:\/\/snm-online.sk\/wp-content\/uploads\/2025\/07\/1920-x-700-px-Operny-vecer--1024x373.png 1024w, https:\/\/snm-online.sk\/wp-content\/uploads\/2025\/07\/1920-x-700-px-Operny-vecer--768x280.png 768w, https:\/\/snm-online.sk\/wp-content\/uploads\/2025\/07\/1920-x-700-px-Operny-vecer--1536x560.png 1536w\" sizes=\"auto, (max-width: 1920px) 100vw, 1920px\" \/><\/figure>\n\n\n\n<div style=\"height:20px\" aria-hidden=\"true\" class=\"wp-block-spacer\"><\/div>\n<\/div>\n<\/div><\/div>\n\n\n\n<p><strong>Please choose from the listed dates:<\/strong><\/p>\n\n\n\r\n<section class=\"mb-4\">\r\n    <nav class=\"wper-days\">\r\n        \r\n            <\/nav>\r\n\r\n    \r\n    <ul id=\"wperItems\" class=\"wper-list\">\r\n        Sorry, this date is not available.    <\/ul>\r\n<\/section>\r\n\r\n<div class=\"wper-modal\">\r\n    <div class=\"wper-modal__inner\">\r\n        <div class=\"wper-modal__header\">\r\n            <button type=\"button\" class=\"wper-modal__close js-wper-close-modal\">\r\n                <svg width=\"16\" height=\"16\" viewbox=\"0 0 16 16\" fill=\"none\" class=\"svg\" xmlns=\"http:\/\/www.w3.org\/2000\/svg\"><path d=\"M16 7H3.83L9.42 1.41L8 0L0 8L8 16L9.41 14.59L3.83 9H16V7Z\" fill=\"currentColor\"\/><\/svg> <span>Continue shopping<\/span>\r\n            <\/button>\r\n        <\/div>\r\n\r\n        <iframe src=\"\" frameborder=\"0\" class=\"wper-modal__iframe\"><\/iframe>\r\n    <\/div>\r\n<\/div>\r\n\r\n<div class=\"wper-note\">\r\n    <div class=\"wper-note__inner\">\r\n        <div id=\"wperNoteRetail\" class=\"wper-note__content\">\r\n            <h5 class=\"wper-note__title\">Last tickets available only at the museum ticket office.<\/h5>\r\n\r\n            <p>We are sorry, but due to high interest, all tickets reserved for online sales are sold out.<\/p>\r\n\r\n            <p>Last few tickets are available at the castle ticket office. We recommend you visit the ticket office as soon as possible, as tickets sell out quickly.<\/p>\r\n        <\/div>\r\n\r\n        <div id=\"wperNoteSold\" class=\"wper-note__content\">\r\n            <h5 class=\"wper-note__title\">Tickets for this time slot are sold out.<\/h5>\r\n\r\n            <p>We are sorry, but due to high interest, all tickets for this tour are sold out. No tickets are available for this time slot at the castle ticket office either.<\/p>\r\n\r\n            <p>Please try to select another time slot within the day or consider visiting on a different day. We recommend monitoring our website for availability of tickets for individual tours and events.<\/p>\r\n\r\n            <p>Given the high attendance, we advise purchasing tickets well in advance online.<\/p>\r\n        <\/div>\r\n\r\n        <div class=\"wper-note__actions\">\r\n            <button type=\"submit\" class=\"wper-note__close js-wper-close-note\">Got it<\/button>\r\n        <\/div>\r\n    <\/div>\r\n<\/div>\r\n\n\n\n\n<p><\/p>\n\n\n\n<p><br><strong>Opern\u00fd koncert pod hviezdami v parku ka\u0161tie\u013ea Betliar.&nbsp;<\/strong><\/p>\n\n\n\n<p>SNM- M\u00fazeum Betliar poz\u00fdva v\u0161etk\u00fdch milovn\u00edkov kr\u00e1snej hudby na v\u00fdnimo\u010dn\u00fd opern\u00fd koncert pod hol\u00fdm nebom, ktor\u00fd sa uskuto\u010dn\u00ed v sobotu 19. j\u00fala 2025 o 19:00 hod. priamo pred historick\u00fdm ka\u0161tie\u013eom v Betliari. V \u010darovnom prostred\u00ed are\u00e1lu ka\u0161tie\u013ea Betliar zaznie v\u00fdber z najzn\u00e1mej\u0161\u00edch opier a operiet, ako aj slovensk\u00e9 a talianske piesne, ktor\u00e9 prines\u00fa n\u00e1v\u0161tevn\u00edkom neopakovate\u013en\u00fd umeleck\u00fd z\u00e1\u017eitok.&nbsp;&nbsp;<\/p>\n\n\n\n<p>Hlavnou hviezdou ve\u010dera bude popredn\u00fd slovensk\u00fd tenorista Jaroslav Dvorsk\u00fd, zn\u00e1my svoj\u00edm lyrick\u00fdm hlasom a elegantn\u00fdm prejavom. \u0160tudoval spev u\u202fprofesorky Sopirovej a nesk\u00f4r pokra\u010doval na Vysokej \u0161kole v Ostrave. Jaroslav poch\u00e1dza zo zn\u00e1mej spev\u00e1ckej rodiny \u2013 jeho bratia Peter Dvorsk\u00fd, a Miroslav Dvorsk\u00fd s\u00fa uzn\u00e1van\u00ed opern\u00ed spev\u00e1ci, ktor\u00ed reprezentovali Slovensko na najprest\u00ed\u017enej\u0161\u00edch opern\u00fdch sc\u00e9nach sveta. Jaroslav Dvorsk\u00fd je tak s\u00fa\u010das\u0165ou jedine\u010dn\u00e9ho fenom\u00e9nu slovenskej hudobnej kult\u00fary. Koncertoval v&nbsp; \u010cesku, Ma\u010farsku, Po\u013esku, Rak\u00fasku, Nemecku, Taliansku, Gr\u00e9cku, \u0160v\u00e9dsku, Holandsku, Kanade i\u202f\u010c\u00edne.&nbsp;&nbsp;<\/p>\n\n\n\n<p>P\u00f4sob\u00ed ako s\u00f3lista N\u00e1rodn\u00e9ho divadla v\u202fKo\u0161iciach. Popri spev\u00e1ckej kari\u00e9re sa Jaroslav Dvorsk\u00fd akt\u00edvne venuje v\u00fdtvarn\u00e9mu umeniu. Jeho tvorba zah\u0155\u0148a portr\u00e9ty, krajinky, akty i\u202fsochy. Je pr\u00edkladom umelca, ktor\u00fd dok\u00e1zal spoji\u0165 dve v\u00e1\u0161ne &#8211; hudbu a\u202fv\u00fdtvarn\u00e9 umenie do harmonick\u00e9ho celku. Jeho \u017eivotn\u00fd pr\u00edbeh je d\u00f4kazom toho, \u017ee nikdy nie je neskoro nasledova\u0165 svoje sny.&nbsp;<\/p>\n\n\n\n<p>Na koncerte bude u\u010dinkova\u0165 aj&nbsp; sopr\u00e1nistka Janette Zsigov\u00e1, s\u00f3listka N\u00e1rodn\u00e9ho divadla v&nbsp; Ko\u0161iciach, ktor\u00e1 \u0161tudovala spev na Konzervat\u00f3riu v Ko\u0161iciach a na Vysokej \u0161kole m\u00fazickych umen\u00ed v\u202fBratislave. Je vyh\u013ead\u00e1vanou interpretkou&nbsp; dramatick\u00fdch opern\u00fdch \u00faloh a pravidelne vystupuje na slovensk\u00fdch aj zahrani\u010dn\u00fdch p\u00f3di\u00e1ch. Z\u00edskala Cenu liter\u00e1rneho fondu za postavu Neddy v opere R. Leoncavalla \u201eKomedianti\u201c.&nbsp;<\/p>\n\n\n\n<p>Za klav\u00edrom sa predstav\u00ed Daniel Boronkay, korepet\u00edtor opery N\u00e1rodn\u00e9ho divadla v Ko\u0161iciach a pedag\u00f3g Konzervat\u00f3ria Petra Dvorsk\u00e9ho. \u0160tudoval klav\u00edr a spev na Konzervat\u00f3riu v\u202fKo\u0161iciach. Spolupracoval s v\u00fdznamn\u00fdmi dirigentmi ako Vinicius Kattah, Michael Engelbrecht, Igor Dohovi\u010d, Peter Valentovi\u010d \u010di Marek \u0160tryncl.&nbsp;&nbsp;<\/p>\n\n\n\n<p>Pr\u00ed\u010fte si vychutna\u0165 ve\u010der pln\u00fd hudby, elegancie a umeleck\u00e9ho majstrovstva v romantickom prostred\u00ed jedn\u00e9ho z najkraj\u0161\u00edch ka\u0161tie\u013eov Slovenska.&nbsp;&nbsp;<br><\/p>\n\n\n\n<p><\/p>\n\n\n\n<div style=\"height:50px\" aria-hidden=\"true\" class=\"wp-block-spacer\"><\/div>\n\n\n\n<p><strong>If you have any questions about online tickets, please contact us at&nbsp;<a href=\"mailto:pomoc@snm-online.sk\">pomoc@snm-online.sk<\/a><\/strong><\/p>\n\n\n\n<div style=\"height:100px\" aria-hidden=\"true\" class=\"wp-block-spacer\"><\/div>","protected":false},"excerpt":{"rendered":"<p>Vyberte si pros\u00edm z ponuky d\u00e1tumov a term\u00ednov prehliadok: Opern\u00fd koncert pod hviezdami v parku ka\u0161tie\u013ea Betliar.&nbsp; SNM- M\u00fazeum Betliar poz\u00fdva v\u0161etk\u00fdch milovn\u00edkov kr\u00e1snej hudby na v\u00fdnimo\u010dn\u00fd opern\u00fd koncert pod&hellip;&nbsp;<a href=\"https:\/\/snm-online.sk\/en\/operny-vecer\/\" class=\"\" rel=\"bookmark\">Read More &raquo;<span class=\"screen-reader-text\">Opern\u00fd ve\u010der<\/span><\/a><\/p>","protected":false},"author":2,"featured_media":0,"parent":0,"menu_order":0,"comment_status":"closed","ping_status":"closed","template":"","meta":{"_eb_attr":"","neve_meta_sidebar":"","neve_meta_container":"","neve_meta_enable_content_width":"","neve_meta_content_width":0,"neve_meta_title_alignment":"","neve_meta_author_avatar":"","neve_post_elements_order":"","neve_meta_disable_header":"","neve_meta_disable_footer":"","neve_meta_disable_title":"","_themeisle_gutenberg_block_has_review":false,"footnotes":""},"class_list":["post-4189","page","type-page","status-publish","hentry"],"_links":{"self":[{"href":"https:\/\/snm-online.sk\/en\/wp-json\/wp\/v2\/pages\/4189","targetHints":{"allow":["GET"]}}],"collection":[{"href":"https:\/\/snm-online.sk\/en\/wp-json\/wp\/v2\/pages"}],"about":[{"href":"https:\/\/snm-online.sk\/en\/wp-json\/wp\/v2\/types\/page"}],"author":[{"embeddable":true,"href":"https:\/\/snm-online.sk\/en\/wp-json\/wp\/v2\/users\/2"}],"replies":[{"embeddable":true,"href":"https:\/\/snm-online.sk\/en\/wp-json\/wp\/v2\/comments?post=4189"}],"version-history":[{"count":7,"href":"https:\/\/snm-online.sk\/en\/wp-json\/wp\/v2\/pages\/4189\/revisions"}],"predecessor-version":[{"id":4230,"href":"https:\/\/snm-online.sk\/en\/wp-json\/wp\/v2\/pages\/4189\/revisions\/4230"}],"wp:attachment":[{"href":"https:\/\/snm-online.sk\/en\/wp-json\/wp\/v2\/media?parent=4189"}],"curies":[{"name":"wp","href":"https:\/\/api.w.org\/{rel}","templated":true}]}}

Operný večer

<div id="wp-block-themeisle-blocks-advanced-columns-8632fdcb" class="wp-block-themeisle-blocks-advanced-columns has-1-columns has-desktop-equal-layout has-tablet-equal-layout has-mobile-equal-layout has-vertical-unset"><div class="wp-block-themeisle-blocks-advanced-columns-overlay"></div><div class="innerblocks-wrap">
<div id="wp-block-themeisle-blocks-advanced-column-2eb23791" class="wp-block-themeisle-blocks-advanced-column">
<figure class="wp-block-image size-full has-custom-border" id="wp-block-themeisle-blocks-image-b9b2432d"><img loading="lazy" decoding="async" width="1920" height="700" src="https://snm-online.sk/wp-content/uploads/2025/07/1920-x-700-px-Operny-vecer-.png" alt="" class="wp-image-4190" style="border-radius:5px" srcset="https://snm-online.sk/wp-content/uploads/2025/07/1920-x-700-px-Operny-vecer-.png 1920w, https://snm-online.sk/wp-content/uploads/2025/07/1920-x-700-px-Operny-vecer--300x109.png 300w, https://snm-online.sk/wp-content/uploads/2025/07/1920-x-700-px-Operny-vecer--1024x373.png 1024w, https://snm-online.sk/wp-content/uploads/2025/07/1920-x-700-px-Operny-vecer--768x280.png 768w, https://snm-online.sk/wp-content/uploads/2025/07/1920-x-700-px-Operny-vecer--1536x560.png 1536w" sizes="auto, (max-width: 1920px) 100vw, 1920px" /></figure>



<div style="height:20px" aria-hidden="true" class="wp-block-spacer"></div>
</div>
</div></div>



<p><strong>Please choose from the listed dates:</strong></p>



<section class="mb-4">
    <nav class="wper-days">
        
            </nav>

    
    <ul id="wperItems" class="wper-list">
        Sorry, this date is not available.    </ul>
</section>

<div class="wper-modal">
    <div class="wper-modal__inner">
        <div class="wper-modal__header">
            <button type="button" class="wper-modal__close js-wper-close-modal">
                <svg width="16" height="16" viewbox="0 0 16 16" fill="none" class="svg" xmlns="http://www.w3.org/2000/svg"><path d="M16 7H3.83L9.42 1.41L8 0L0 8L8 16L9.41 14.59L3.83 9H16V7Z" fill="currentColor"/></svg> <span>Continue shopping</span>
            </button>
        </div>

        <iframe src="" frameborder="0" class="wper-modal__iframe"></iframe>
    </div>
</div>

<div class="wper-note">
    <div class="wper-note__inner">
        <div id="wperNoteRetail" class="wper-note__content">
            <h5 class="wper-note__title">Last tickets available only at the museum ticket office.</h5>

            <p>We are sorry, but due to high interest, all tickets reserved for online sales are sold out.</p>

            <p>Last few tickets are available at the castle ticket office. We recommend you visit the ticket office as soon as possible, as tickets sell out quickly.</p>
        </div>

        <div id="wperNoteSold" class="wper-note__content">
            <h5 class="wper-note__title">Tickets for this time slot are sold out.</h5>

            <p>We are sorry, but due to high interest, all tickets for this tour are sold out. No tickets are available for this time slot at the castle ticket office either.</p>

            <p>Please try to select another time slot within the day or consider visiting on a different day. We recommend monitoring our website for availability of tickets for individual tours and events.</p>

            <p>Given the high attendance, we advise purchasing tickets well in advance online.</p>
        </div>

        <div class="wper-note__actions">
            <button type="submit" class="wper-note__close js-wper-close-note">Got it</button>
        </div>
    </div>
</div>




<p></p>



<p><br><strong>Operný koncert pod hviezdami v parku kaštieľa Betliar.&nbsp;</strong></p>



<p>SNM- Múzeum Betliar pozýva všetkých milovníkov krásnej hudby na výnimočný operný koncert pod holým nebom, ktorý sa uskutoční v sobotu 19. júla 2025 o 19:00 hod. priamo pred historickým kaštieľom v Betliari. V čarovnom prostredí areálu kaštieľa Betliar zaznie výber z najznámejších opier a operiet, ako aj slovenské a talianske piesne, ktoré prinesú návštevníkom neopakovateľný umelecký zážitok.&nbsp;&nbsp;</p>



<p>Hlavnou hviezdou večera bude popredný slovenský tenorista Jaroslav Dvorský, známy svojím lyrickým hlasom a elegantným prejavom. Študoval spev u profesorky Sopirovej a neskôr pokračoval na Vysokej škole v Ostrave. Jaroslav pochádza zo známej speváckej rodiny – jeho bratia Peter Dvorský, a Miroslav Dvorský sú uznávaní operní speváci, ktorí reprezentovali Slovensko na najprestížnejších operných scénach sveta. Jaroslav Dvorský je tak súčasťou jedinečného fenoménu slovenskej hudobnej kultúry. Koncertoval v&nbsp; Česku, Maďarsku, Poľsku, Rakúsku, Nemecku, Taliansku, Grécku, Švédsku, Holandsku, Kanade i Číne.&nbsp;&nbsp;</p>



<p>Pôsobí ako sólista Národného divadla v Košiciach. Popri speváckej kariére sa Jaroslav Dvorský aktívne venuje výtvarnému umeniu. Jeho tvorba zahŕňa portréty, krajinky, akty i sochy. Je príkladom umelca, ktorý dokázal spojiť dve vášne &#8211; hudbu a výtvarné umenie do harmonického celku. Jeho životný príbeh je dôkazom toho, že nikdy nie je neskoro nasledovať svoje sny.&nbsp;</p>



<p>Na koncerte bude učinkovať aj&nbsp; sopránistka Janette Zsigová, sólistka Národného divadla v&nbsp; Košiciach, ktorá študovala spev na Konzervatóriu v Košiciach a na Vysokej škole múzickych umení v Bratislave. Je vyhľadávanou interpretkou&nbsp; dramatických operných úloh a pravidelne vystupuje na slovenských aj zahraničných pódiách. Získala Cenu literárneho fondu za postavu Neddy v opere R. Leoncavalla „Komedianti“.&nbsp;</p>



<p>Za klavírom sa predstaví Daniel Boronkay, korepetítor opery Národného divadla v Košiciach a pedagóg Konzervatória Petra Dvorského. Študoval klavír a spev na Konzervatóriu v Košiciach. Spolupracoval s významnými dirigentmi ako Vinicius Kattah, Michael Engelbrecht, Igor Dohovič, Peter Valentovič či Marek Štryncl.&nbsp;&nbsp;</p>



<p>Príďte si vychutnať večer plný hudby, elegancie a umeleckého majstrovstva v romantickom prostredí jedného z najkrajších kaštieľov Slovenska.&nbsp;&nbsp;<br></p>



<p></p>



<div style="height:50px" aria-hidden="true" class="wp-block-spacer"></div>



<p><strong>If you have any questions about online tickets, please contact us at&nbsp;<a href="mailto:pomoc@snm-online.sk">pomoc@snm-online.sk</a></strong></p>



<div style="height:100px" aria-hidden="true" class="wp-block-spacer"></div>

<p>Vyberte si prosím z ponuky dátumov a termínov prehliadok: Operný koncert pod hviezdami v parku kaštieľa Betliar.&nbsp; SNM- Múzeum Betliar pozýva všetkých milovníkov krásnej hudby na výnimočný operný koncert pod&hellip;&nbsp;<a href="https://snm-online.sk/en/operny-vecer/" class="" rel="bookmark">Read More &raquo;<span class="screen-reader-text">Operný večer</span></a></p>
