{"id":4297,"date":"2025-07-28T14:10:22","date_gmt":"2025-07-28T12:10:22","guid":{"rendered":"https:\/\/snm-online.sk\/?page_id=4297"},"modified":"2025-07-28T14:13:39","modified_gmt":"2025-07-28T12:13:39","slug":"koncert-rikkon-a-slovacek","status":"publish","type":"page","link":"https:\/\/snm-online.sk\/en\/koncert-rikkon-a-slovacek\/","title":{"rendered":"Koncert Rikkon a Slov\u00e1\u010dek"},"content":{"rendered":"<div id=\"wp-block-themeisle-blocks-advanced-columns-c5642667\" class=\"wp-block-themeisle-blocks-advanced-columns has-1-columns has-desktop-equal-layout has-tablet-equal-layout has-mobile-equal-layout has-vertical-unset\"><div class=\"wp-block-themeisle-blocks-advanced-columns-overlay\"><\/div><div class=\"innerblocks-wrap\">\n<div id=\"wp-block-themeisle-blocks-advanced-column-7e1456f1\" class=\"wp-block-themeisle-blocks-advanced-column\">\n<figure class=\"wp-block-image size-full has-custom-border\" id=\"wp-block-themeisle-blocks-image-8597dd49\"><img loading=\"lazy\" decoding=\"async\" width=\"1920\" height=\"700\" src=\"https:\/\/snm-online.sk\/wp-content\/uploads\/2025\/07\/Rikkon-slovacek-1920-x-700-px.png\" alt=\"\" class=\"wp-image-4298\" style=\"border-radius:5px\" srcset=\"https:\/\/snm-online.sk\/wp-content\/uploads\/2025\/07\/Rikkon-slovacek-1920-x-700-px.png 1920w, https:\/\/snm-online.sk\/wp-content\/uploads\/2025\/07\/Rikkon-slovacek-1920-x-700-px-300x109.png 300w, https:\/\/snm-online.sk\/wp-content\/uploads\/2025\/07\/Rikkon-slovacek-1920-x-700-px-1024x373.png 1024w, https:\/\/snm-online.sk\/wp-content\/uploads\/2025\/07\/Rikkon-slovacek-1920-x-700-px-768x280.png 768w, https:\/\/snm-online.sk\/wp-content\/uploads\/2025\/07\/Rikkon-slovacek-1920-x-700-px-1536x560.png 1536w\" sizes=\"auto, (max-width: 1920px) 100vw, 1920px\" \/><\/figure>\n\n\n\n<div style=\"height:20px\" aria-hidden=\"true\" class=\"wp-block-spacer\"><\/div>\n<\/div>\n<\/div><\/div>\n\n\n\n<p><strong>Please choose from the listed dates:<\/strong><\/p>\n\n\n\r\n<section class=\"mb-4\">\r\n    <nav class=\"wper-days\">\r\n        \r\n            <\/nav>\r\n\r\n    \r\n    <ul id=\"wperItems\" class=\"wper-list\">\r\n        Sorry, this date is not available.    <\/ul>\r\n<\/section>\r\n\r\n<div class=\"wper-modal\">\r\n    <div class=\"wper-modal__inner\">\r\n        <div class=\"wper-modal__header\">\r\n            <button type=\"button\" class=\"wper-modal__close js-wper-close-modal\">\r\n                <svg width=\"16\" height=\"16\" viewbox=\"0 0 16 16\" fill=\"none\" class=\"svg\" xmlns=\"http:\/\/www.w3.org\/2000\/svg\"><path d=\"M16 7H3.83L9.42 1.41L8 0L0 8L8 16L9.41 14.59L3.83 9H16V7Z\" fill=\"currentColor\"\/><\/svg> <span>Continue shopping<\/span>\r\n            <\/button>\r\n        <\/div>\r\n\r\n        <iframe src=\"\" frameborder=\"0\" class=\"wper-modal__iframe\"><\/iframe>\r\n    <\/div>\r\n<\/div>\r\n\r\n<div class=\"wper-note\">\r\n    <div class=\"wper-note__inner\">\r\n        <div id=\"wperNoteRetail\" class=\"wper-note__content\">\r\n            <h5 class=\"wper-note__title\">Last tickets available only at the museum ticket office.<\/h5>\r\n\r\n            <p>We are sorry, but due to high interest, all tickets reserved for online sales are sold out.<\/p>\r\n\r\n            <p>Last few tickets are available at the castle ticket office. We recommend you visit the ticket office as soon as possible, as tickets sell out quickly.<\/p>\r\n        <\/div>\r\n\r\n        <div id=\"wperNoteSold\" class=\"wper-note__content\">\r\n            <h5 class=\"wper-note__title\">Tickets for this time slot are sold out.<\/h5>\r\n\r\n            <p>We are sorry, but due to high interest, all tickets for this tour are sold out. No tickets are available for this time slot at the castle ticket office either.<\/p>\r\n\r\n            <p>Please try to select another time slot within the day or consider visiting on a different day. We recommend monitoring our website for availability of tickets for individual tours and events.<\/p>\r\n\r\n            <p>Given the high attendance, we advise purchasing tickets well in advance online.<\/p>\r\n        <\/div>\r\n\r\n        <div class=\"wper-note__actions\">\r\n            <button type=\"submit\" class=\"wper-note__close js-wper-close-note\">Got it<\/button>\r\n        <\/div>\r\n    <\/div>\r\n<\/div>\r\n\n\n\n\n<h5 class=\"wp-block-heading\">Richard Rikkon &amp; Felix Slov\u00e1\u010dek Project: Ve\u010der filmovej hudby pod hviezdami v Betliari<\/h5>\n\n\n\n<p><strong>D\u00e1tum a \u010das: piatok 22. august 2025 o 19:00 <\/strong><\/p>\n\n\n\n<p><strong>Miesto: are\u00e1l ka\u0161tie\u013ea Betliar<\/strong><\/p>\n\n\n\n<p>Virtu\u00f3zny klav\u00edr Richarda Rikkona a legend\u00e1rny klarinet, sopr\u00e1n saxof\u00f3n Felixa Slov\u00e1\u010dka \u2013 dve siln\u00e9 osobnosti \u010desko-slovenskej hudobnej sc\u00e9ny sa stretn\u00fa na jednom p\u00f3diu, aby div\u00e1kom priniesli v\u00fdnimo\u010dn\u00fd koncert filmovej hudby v \u010darovnom prostred\u00ed are\u00e1lu ka\u0161tie\u013ea Betliar.<\/p>\n\n\n\n<p>Po\u010das ve\u010dera zaznej\u00fa nezabudnute\u013en\u00e9 mel\u00f3die zo svetov\u00fdch filmov a muzik\u00e1lov, ktor\u00e9 dojm\u00fa, pobavia a uchv\u00e1tia &nbsp;srdcia v\u0161etk\u00fdch &nbsp;div\u00e1kov.<\/p>\n\n\n\n<p>Elegantn\u00e9 spojenie klav\u00edra a klarinetu vytv\u00e1ra emot\u00edvny hudobn\u00fd dial\u00f3g, ktor\u00fd prenesie publikum do sveta ve\u013ek\u00e9ho pl\u00e1tna.<\/p>\n\n\n\n<p>Elegantn\u00e9 prel\u00ednanie klav\u00edra Richarda Rikkona a klarinetu od Felixa Slov\u00e1\u010dka vytvor\u00ed neopakovate\u013en\u00e9 spojenie umocnen\u00e9 ve\u013ekolep\u00fdm historick\u00fdm javiskom prekr\u00e1sneho ka\u0161tie\u013ea Betliar. <\/p>\n\n\n\n<p>The SNM \u2013 Betliar Museum looks forward to your visit<\/p>\n\n\n\n<div style=\"height:50px\" aria-hidden=\"true\" class=\"wp-block-spacer\"><\/div>\n\n\n\n<p><strong>If you have any questions about online tickets, please contact us at\u00a0<a href=\"mailto:pomoc@snm-online.sk\">pomoc@snm-online.sk<\/a><\/strong><\/p>\n\n\n\n<div style=\"height:100px\" aria-hidden=\"true\" class=\"wp-block-spacer\"><\/div>\n\n\n\n<p><\/p>","protected":false},"excerpt":{"rendered":"<p>Vyberte si pros\u00edm z ponuky d\u00e1tumov a term\u00ednov prehliadok: Richard Rikkon &amp; Felix Slov\u00e1\u010dek Project: Ve\u010der filmovej hudby pod hviezdami v Betliari D\u00e1tum a \u010das: piatok 22. august 2025 o&hellip;&nbsp;<a href=\"https:\/\/snm-online.sk\/en\/koncert-rikkon-a-slovacek\/\" class=\"\" rel=\"bookmark\">Read More &raquo;<span class=\"screen-reader-text\">Koncert Rikkon a Slov\u00e1\u010dek<\/span><\/a><\/p>","protected":false},"author":2,"featured_media":0,"parent":0,"menu_order":0,"comment_status":"closed","ping_status":"closed","template":"","meta":{"_eb_attr":"","neve_meta_sidebar":"","neve_meta_container":"","neve_meta_enable_content_width":"","neve_meta_content_width":0,"neve_meta_title_alignment":"","neve_meta_author_avatar":"","neve_post_elements_order":"","neve_meta_disable_header":"","neve_meta_disable_footer":"","neve_meta_disable_title":"","_themeisle_gutenberg_block_has_review":false,"footnotes":""},"class_list":["post-4297","page","type-page","status-publish","hentry"],"_links":{"self":[{"href":"https:\/\/snm-online.sk\/en\/wp-json\/wp\/v2\/pages\/4297","targetHints":{"allow":["GET"]}}],"collection":[{"href":"https:\/\/snm-online.sk\/en\/wp-json\/wp\/v2\/pages"}],"about":[{"href":"https:\/\/snm-online.sk\/en\/wp-json\/wp\/v2\/types\/page"}],"author":[{"embeddable":true,"href":"https:\/\/snm-online.sk\/en\/wp-json\/wp\/v2\/users\/2"}],"replies":[{"embeddable":true,"href":"https:\/\/snm-online.sk\/en\/wp-json\/wp\/v2\/comments?post=4297"}],"version-history":[{"count":5,"href":"https:\/\/snm-online.sk\/en\/wp-json\/wp\/v2\/pages\/4297\/revisions"}],"predecessor-version":[{"id":4303,"href":"https:\/\/snm-online.sk\/en\/wp-json\/wp\/v2\/pages\/4297\/revisions\/4303"}],"wp:attachment":[{"href":"https:\/\/snm-online.sk\/en\/wp-json\/wp\/v2\/media?parent=4297"}],"curies":[{"name":"wp","href":"https:\/\/api.w.org\/{rel}","templated":true}]}}

Koncert Rikkon a Slováček

<div id="wp-block-themeisle-blocks-advanced-columns-c5642667" class="wp-block-themeisle-blocks-advanced-columns has-1-columns has-desktop-equal-layout has-tablet-equal-layout has-mobile-equal-layout has-vertical-unset"><div class="wp-block-themeisle-blocks-advanced-columns-overlay"></div><div class="innerblocks-wrap">
<div id="wp-block-themeisle-blocks-advanced-column-7e1456f1" class="wp-block-themeisle-blocks-advanced-column">
<figure class="wp-block-image size-full has-custom-border" id="wp-block-themeisle-blocks-image-8597dd49"><img loading="lazy" decoding="async" width="1920" height="700" src="https://snm-online.sk/wp-content/uploads/2025/07/Rikkon-slovacek-1920-x-700-px.png" alt="" class="wp-image-4298" style="border-radius:5px" srcset="https://snm-online.sk/wp-content/uploads/2025/07/Rikkon-slovacek-1920-x-700-px.png 1920w, https://snm-online.sk/wp-content/uploads/2025/07/Rikkon-slovacek-1920-x-700-px-300x109.png 300w, https://snm-online.sk/wp-content/uploads/2025/07/Rikkon-slovacek-1920-x-700-px-1024x373.png 1024w, https://snm-online.sk/wp-content/uploads/2025/07/Rikkon-slovacek-1920-x-700-px-768x280.png 768w, https://snm-online.sk/wp-content/uploads/2025/07/Rikkon-slovacek-1920-x-700-px-1536x560.png 1536w" sizes="auto, (max-width: 1920px) 100vw, 1920px" /></figure>



<div style="height:20px" aria-hidden="true" class="wp-block-spacer"></div>
</div>
</div></div>



<p><strong>Please choose from the listed dates:</strong></p>



<section class="mb-4">
    <nav class="wper-days">
        
            </nav>

    
    <ul id="wperItems" class="wper-list">
        Sorry, this date is not available.    </ul>
</section>

<div class="wper-modal">
    <div class="wper-modal__inner">
        <div class="wper-modal__header">
            <button type="button" class="wper-modal__close js-wper-close-modal">
                <svg width="16" height="16" viewbox="0 0 16 16" fill="none" class="svg" xmlns="http://www.w3.org/2000/svg"><path d="M16 7H3.83L9.42 1.41L8 0L0 8L8 16L9.41 14.59L3.83 9H16V7Z" fill="currentColor"/></svg> <span>Continue shopping</span>
            </button>
        </div>

        <iframe src="" frameborder="0" class="wper-modal__iframe"></iframe>
    </div>
</div>

<div class="wper-note">
    <div class="wper-note__inner">
        <div id="wperNoteRetail" class="wper-note__content">
            <h5 class="wper-note__title">Last tickets available only at the museum ticket office.</h5>

            <p>We are sorry, but due to high interest, all tickets reserved for online sales are sold out.</p>

            <p>Last few tickets are available at the castle ticket office. We recommend you visit the ticket office as soon as possible, as tickets sell out quickly.</p>
        </div>

        <div id="wperNoteSold" class="wper-note__content">
            <h5 class="wper-note__title">Tickets for this time slot are sold out.</h5>

            <p>We are sorry, but due to high interest, all tickets for this tour are sold out. No tickets are available for this time slot at the castle ticket office either.</p>

            <p>Please try to select another time slot within the day or consider visiting on a different day. We recommend monitoring our website for availability of tickets for individual tours and events.</p>

            <p>Given the high attendance, we advise purchasing tickets well in advance online.</p>
        </div>

        <div class="wper-note__actions">
            <button type="submit" class="wper-note__close js-wper-close-note">Got it</button>
        </div>
    </div>
</div>




<h5 class="wp-block-heading">Richard Rikkon &amp; Felix Slováček Project: Večer filmovej hudby pod hviezdami v Betliari</h5>



<p><strong>Dátum a čas: piatok 22. august 2025 o 19:00 </strong></p>



<p><strong>Miesto: areál kaštieľa Betliar</strong></p>



<p>Virtuózny klavír Richarda Rikkona a legendárny klarinet, soprán saxofón Felixa Slováčka – dve silné osobnosti česko-slovenskej hudobnej scény sa stretnú na jednom pódiu, aby divákom priniesli výnimočný koncert filmovej hudby v čarovnom prostredí areálu kaštieľa Betliar.</p>



<p>Počas večera zaznejú nezabudnuteľné melódie zo svetových filmov a muzikálov, ktoré dojmú, pobavia a uchvátia &nbsp;srdcia všetkých &nbsp;divákov.</p>



<p>Elegantné spojenie klavíra a klarinetu vytvára emotívny hudobný dialóg, ktorý prenesie publikum do sveta veľkého plátna.</p>



<p>Elegantné prelínanie klavíra Richarda Rikkona a klarinetu od Felixa Slováčka vytvorí neopakovateľné spojenie umocnené veľkolepým historickým javiskom prekrásneho kaštieľa Betliar. </p>



<p>The SNM – Betliar Museum looks forward to your visit</p>



<div style="height:50px" aria-hidden="true" class="wp-block-spacer"></div>



<p><strong>If you have any questions about online tickets, please contact us at <a href="mailto:pomoc@snm-online.sk">pomoc@snm-online.sk</a></strong></p>



<div style="height:100px" aria-hidden="true" class="wp-block-spacer"></div>



<p></p>

<p>Vyberte si prosím z ponuky dátumov a termínov prehliadok: Richard Rikkon &amp; Felix Slováček Project: Večer filmovej hudby pod hviezdami v Betliari Dátum a čas: piatok 22. august 2025 o&hellip;&nbsp;<a href="https://snm-online.sk/en/koncert-rikkon-a-slovacek/" class="" rel="bookmark">Read More &raquo;<span class="screen-reader-text">Koncert Rikkon a Slováček</span></a></p>
