{"id":4915,"date":"2026-01-09T13:31:26","date_gmt":"2026-01-09T12:31:26","guid":{"rendered":"https:\/\/snm-online.sk\/?page_id=4915"},"modified":"2026-01-09T13:53:50","modified_gmt":"2026-01-09T12:53:50","slug":"oznam","status":"publish","type":"page","link":"https:\/\/snm-online.sk\/en\/oznam\/","title":{"rendered":"Oznam"},"content":{"rendered":"<figure class=\"wp-block-image size-full\"><img loading=\"lazy\" decoding=\"async\" width=\"1920\" height=\"700\" src=\"https:\/\/snm-online.sk\/wp-content\/uploads\/2026\/01\/10-1-2026-01-03.jpg\" alt=\"\" class=\"wp-image-4924\" srcset=\"https:\/\/snm-online.sk\/wp-content\/uploads\/2026\/01\/10-1-2026-01-03.jpg 1920w, https:\/\/snm-online.sk\/wp-content\/uploads\/2026\/01\/10-1-2026-01-03-300x109.jpg 300w, https:\/\/snm-online.sk\/wp-content\/uploads\/2026\/01\/10-1-2026-01-03-1024x373.jpg 1024w, https:\/\/snm-online.sk\/wp-content\/uploads\/2026\/01\/10-1-2026-01-03-768x280.jpg 768w, https:\/\/snm-online.sk\/wp-content\/uploads\/2026\/01\/10-1-2026-01-03-1536x560.jpg 1536w\" sizes=\"auto, (max-width: 1920px) 100vw, 1920px\" \/><\/figure>\n\n\n\n<div style=\"height:20px\" aria-hidden=\"true\" class=\"wp-block-spacer\"><\/div>\n\n\n\n<p>Upozor\u0148ujeme n\u00e1v\u0161tevn\u00edkov na&nbsp;mimoriadne obmedzenia a zmeny.<\/p>\n\n\n\n<p><strong>V sobotu&nbsp;10. 1. 2026 bude vstup do <\/strong>\u010dast\u00ed are\u00e1lu Bratislavsk\u00e9ho hradu,&nbsp;vr\u00e1tane <strong>v\u00e4\u010d\u0161iny v\u00fdstav a expoz\u00edci\u00ed SNM \u2013 Historick\u00e9ho m\u00fazea, pre verejnos\u0165 spr\u00edstupnen\u00fd a\u017e od&nbsp;15:00<\/strong>. Viac inform\u00e1cie n\u00e1jdete aj na mape pod t\u00fdmto \u010dl\u00e1nkom.<\/p>\n\n\n\n<p><strong><u>V \u010dase 10:00 \u2013&nbsp;18:00* (t.j.&nbsp;po\u010das be\u017en\u00fdch otv\u00e1rac\u00edch hod\u00edn m\u00fazea)&nbsp;otvoren\u00e9 ostan\u00fa:<\/u><\/strong><\/p>\n\n\n\n<p>&#8211; M\u00fazejn\u00fd obchod pod \u010cestn\u00fdm n\u00e1dvor\u00edm,<\/p>\n\n\n\n<p>&#8211; v\u00fdstava Modr\u00e9 noci J\u00e1na K\u0148azovica (pod \u010cestn\u00fdm n\u00e1dvor\u00edm, vstup vo\u013en\u00fd),<\/p>\n\n\n\n<p>&#8211; v\u00fdstava Tvar duch: Sila a kr\u00e1sa africk\u00e9ho umenia (Severn\u00e9 hradby, platba mo\u017en\u00e1 len v hotovosti).<\/p>\n\n\n\n<p><strong>Ostatn\u00e9 v\u00fdstavy a expoz\u00edcie bud\u00fa spr\u00edstupnen\u00e9 a\u017e od&nbsp;15:00 a otvoren\u00e9 ostan\u00fa do 18:00*.&nbsp;<\/strong><\/p>\n\n\n\n<p>*Posledn\u00fd vstup o 17:00.<\/p>\n\n\n\n<p>Za tieto&nbsp;obmedzenia sp\u00f4soben\u00e9&nbsp;z&nbsp;technicko-prev\u00e1dzkov\u00fdch d\u00f4vodov&nbsp;sa ospravedl\u0148ujeme.&nbsp;<\/p>\n\n\n\n<p>Zmeny s\u00fa vyhraden\u00e9.<\/p>\n\n\n\n<div style=\"height:50px\" aria-hidden=\"true\" class=\"wp-block-spacer\"><\/div>\n\n\n\n<p><strong>Notice to visitors about extraordinary restrictions and changes<\/strong><\/p>\n\n\n\n<p>On <strong>Saturday, 10 January 2026<\/strong>, access to parts of the Bratislava Castle complex, including <strong>most exhibitions&nbsp;of the SNM \u2013 Museum of History, will be open to the public from 3:00 PM onwards<\/strong>. More information can also be found on the map below this article.<\/p>\n\n\n\n<p><strong><u>Between 10:00 AM and 6:00 PM* (i.e. during the museum\u2019s regular opening hours), the following will remain open:<\/u><\/strong><\/p>\n\n\n\n<ul class=\"wp-block-list\">\n<li>the Museum Shop beneath the court of honor,<\/li>\n\n\n\n<li>the exhibition <em>Blue Nights of J\u00e1n K\u0148azovic<\/em>&nbsp;(beneath the court of honor, free entry),<\/li>\n\n\n\n<li>the exhibition <em>The Shape of the Spirit: Strength and Beauty of African Art<\/em> (Northern Walls, payment in cash only).<\/li>\n<\/ul>\n\n\n\n<p><strong>All other exhibitions and displays will be accessible from 3:00 PM and will remain open until 6:00 PM*.<\/strong><\/p>\n\n\n\n<p>*Last entry at 5:00 PM.<\/p>\n\n\n\n<p>We apologize for these restrictions caused by technical and operational reasons.<\/p>\n\n\n\n<p>May be subject to change.<\/p>\n\n\n\n<div style=\"height:100px\" aria-hidden=\"true\" class=\"wp-block-spacer\"><\/div>","protected":false},"excerpt":{"rendered":"<p>Upozor\u0148ujeme n\u00e1v\u0161tevn\u00edkov na&nbsp;mimoriadne obmedzenia a zmeny. V sobotu&nbsp;10. 1. 2026 bude vstup do \u010dast\u00ed are\u00e1lu Bratislavsk\u00e9ho hradu,&nbsp;vr\u00e1tane v\u00e4\u010d\u0161iny v\u00fdstav a expoz\u00edci\u00ed SNM \u2013 Historick\u00e9ho m\u00fazea, pre verejnos\u0165 spr\u00edstupnen\u00fd a\u017e od&nbsp;15:00.&hellip;&nbsp;<a href=\"https:\/\/snm-online.sk\/en\/oznam\/\" class=\"\" rel=\"bookmark\">Read More &raquo;<span class=\"screen-reader-text\">Oznam<\/span><\/a><\/p>","protected":false},"author":2,"featured_media":0,"parent":0,"menu_order":0,"comment_status":"closed","ping_status":"closed","template":"","meta":{"_eb_attr":"","neve_meta_sidebar":"","neve_meta_container":"","neve_meta_enable_content_width":"","neve_meta_content_width":0,"neve_meta_title_alignment":"","neve_meta_author_avatar":"","neve_post_elements_order":"","neve_meta_disable_header":"","neve_meta_disable_footer":"","neve_meta_disable_title":"","_themeisle_gutenberg_block_has_review":false,"footnotes":""},"class_list":["post-4915","page","type-page","status-publish","hentry"],"_links":{"self":[{"href":"https:\/\/snm-online.sk\/en\/wp-json\/wp\/v2\/pages\/4915","targetHints":{"allow":["GET"]}}],"collection":[{"href":"https:\/\/snm-online.sk\/en\/wp-json\/wp\/v2\/pages"}],"about":[{"href":"https:\/\/snm-online.sk\/en\/wp-json\/wp\/v2\/types\/page"}],"author":[{"embeddable":true,"href":"https:\/\/snm-online.sk\/en\/wp-json\/wp\/v2\/users\/2"}],"replies":[{"embeddable":true,"href":"https:\/\/snm-online.sk\/en\/wp-json\/wp\/v2\/comments?post=4915"}],"version-history":[{"count":4,"href":"https:\/\/snm-online.sk\/en\/wp-json\/wp\/v2\/pages\/4915\/revisions"}],"predecessor-version":[{"id":4929,"href":"https:\/\/snm-online.sk\/en\/wp-json\/wp\/v2\/pages\/4915\/revisions\/4929"}],"wp:attachment":[{"href":"https:\/\/snm-online.sk\/en\/wp-json\/wp\/v2\/media?parent=4915"}],"curies":[{"name":"wp","href":"https:\/\/api.w.org\/{rel}","templated":true}]}}

<figure class="wp-block-image size-full"><img loading="lazy" decoding="async" width="1920" height="700" src="https://snm-online.sk/wp-content/uploads/2026/01/10-1-2026-01-03.jpg" alt="" class="wp-image-4924" srcset="https://snm-online.sk/wp-content/uploads/2026/01/10-1-2026-01-03.jpg 1920w, https://snm-online.sk/wp-content/uploads/2026/01/10-1-2026-01-03-300x109.jpg 300w, https://snm-online.sk/wp-content/uploads/2026/01/10-1-2026-01-03-1024x373.jpg 1024w, https://snm-online.sk/wp-content/uploads/2026/01/10-1-2026-01-03-768x280.jpg 768w, https://snm-online.sk/wp-content/uploads/2026/01/10-1-2026-01-03-1536x560.jpg 1536w" sizes="auto, (max-width: 1920px) 100vw, 1920px" /></figure>



<div style="height:20px" aria-hidden="true" class="wp-block-spacer"></div>



<p>Upozorňujeme návštevníkov na&nbsp;mimoriadne obmedzenia a zmeny.</p>



<p><strong>V sobotu&nbsp;10. 1. 2026 bude vstup do </strong>častí areálu Bratislavského hradu,&nbsp;vrátane <strong>väčšiny výstav a expozícií SNM – Historického múzea, pre verejnosť sprístupnený až od&nbsp;15:00</strong>. Viac informácie nájdete aj na mape pod týmto článkom.</p>



<p><strong><u>V čase 10:00 –&nbsp;18:00* (t.j.&nbsp;počas bežných otváracích hodín múzea)&nbsp;otvorené ostanú:</u></strong></p>



<p>&#8211; Múzejný obchod pod Čestným nádvorím,</p>



<p>&#8211; výstava Modré noci Jána Kňazovica (pod Čestným nádvorím, vstup voľný),</p>



<p>&#8211; výstava Tvar duch: Sila a krása afrického umenia (Severné hradby, platba možná len v hotovosti).</p>



<p><strong>Ostatné výstavy a expozície budú sprístupnené až od&nbsp;15:00 a otvorené ostanú do 18:00*.&nbsp;</strong></p>



<p>*Posledný vstup o 17:00.</p>



<p>Za tieto&nbsp;obmedzenia spôsobené&nbsp;z&nbsp;technicko-prevádzkových dôvodov&nbsp;sa ospravedlňujeme.&nbsp;</p>



<p>Zmeny sú vyhradené.</p>



<div style="height:50px" aria-hidden="true" class="wp-block-spacer"></div>



<p><strong>Notice to visitors about extraordinary restrictions and changes</strong></p>



<p>On <strong>Saturday, 10 January 2026</strong>, access to parts of the Bratislava Castle complex, including <strong>most exhibitions&nbsp;of the SNM – Museum of History, will be open to the public from 3:00 PM onwards</strong>. More information can also be found on the map below this article.</p>



<p><strong><u>Between 10:00 AM and 6:00 PM* (i.e. during the museum’s regular opening hours), the following will remain open:</u></strong></p>



<ul class="wp-block-list">
<li>the Museum Shop beneath the court of honor,</li>



<li>the exhibition <em>Blue Nights of Ján Kňazovic</em>&nbsp;(beneath the court of honor, free entry),</li>



<li>the exhibition <em>The Shape of the Spirit: Strength and Beauty of African Art</em> (Northern Walls, payment in cash only).</li>
</ul>



<p><strong>All other exhibitions and displays will be accessible from 3:00 PM and will remain open until 6:00 PM*.</strong></p>



<p>*Last entry at 5:00 PM.</p>



<p>We apologize for these restrictions caused by technical and operational reasons.</p>



<p>May be subject to change.</p>



<div style="height:100px" aria-hidden="true" class="wp-block-spacer"></div>

<p>Upozorňujeme návštevníkov na&nbsp;mimoriadne obmedzenia a zmeny. V sobotu&nbsp;10. 1. 2026 bude vstup do častí areálu Bratislavského hradu,&nbsp;vrátane väčšiny výstav a expozícií SNM – Historického múzea, pre verejnosť sprístupnený až od&nbsp;15:00.&hellip;&nbsp;<a href="https://snm-online.sk/en/oznam/" class="" rel="bookmark">Read More &raquo;<span class="screen-reader-text">Oznam</span></a></p>
